Last updated on 2023-05-31 01:03:19 CEST.
Flavor | Version | Tinstall | Tcheck | Ttotal | Status | Flags |
---|---|---|---|---|---|---|
r-devel-linux-x86_64-debian-clang | 1.1-2 | 16.69 | 134.50 | 151.19 | NOTE | |
r-devel-linux-x86_64-debian-gcc | 1.1-2 | 12.49 | 102.67 | 115.16 | NOTE | |
r-devel-linux-x86_64-fedora-clang | 1.1-2 | 189.35 | NOTE | |||
r-devel-linux-x86_64-fedora-gcc | 1.1-2 | 200.85 | NOTE | |||
r-devel-windows-x86_64 | 1.1-2 | 14.00 | 157.00 | 171.00 | NOTE | |
r-patched-linux-x86_64 | 1.1-2 | 16.00 | 127.80 | 143.80 | NOTE | |
r-release-linux-x86_64 | 1.1-2 | 16.06 | 129.71 | 145.77 | NOTE | |
r-release-macos-arm64 | 1.1-2 | 67.00 | NOTE | |||
r-release-macos-x86_64 | 1.1-2 | 104.00 | NOTE | |||
r-release-windows-x86_64 | 1.1-2 | 19.00 | 172.00 | 191.00 | NOTE | |
r-oldrel-macos-arm64 | 1.1-2 | 65.00 | OK | |||
r-oldrel-macos-x86_64 | 1.1-2 | 91.00 | OK | |||
r-oldrel-windows-x86_64 | 1.1-2 | 19.00 | 172.00 | 191.00 | OK |
Version: 1.1-2
Check: Rd files
Result: NOTE
checkRd: (-1) barleyHeights.Rd:18: Escaped LaTeX specials: \&
checkRd: (-1) barleyHeights.Rd:22: Escaped LaTeX specials: \&
Flavors: r-devel-linux-x86_64-debian-clang, r-devel-linux-x86_64-debian-gcc, r-devel-linux-x86_64-fedora-clang, r-devel-linux-x86_64-fedora-gcc, r-devel-windows-x86_64, r-patched-linux-x86_64, r-release-linux-x86_64, r-release-macos-arm64, r-release-macos-x86_64, r-release-windows-x86_64
Version: 1.1-2
Check: re-building of vignette outputs
Result: NOTE
Error(s) in re-building vignettes:
--- re-building ‘gnmOverview.Rnw’ using Sweave
Refitting with parameters of first Dref weight constrained to zero
Refitting with parameters of first Dref weight constrained to zero
Refitting with parameters of first Dref weight constrained to zero
Error: processing vignette 'gnmOverview.Rnw' failed with diagnostics:
Running 'texi2dvi' on 'gnmOverview.tex' failed.
LaTeX errors:
! LaTeX Error: File `txfonts.sty' not found.
Type X to quit or <RETURN> to proceed,
or enter new name. (Default extension: sty)
! Emergency stop.
<read *>
l.14 \usepackage
[scaled=0.92]{helvet}^^M
! ==> Fatal error occurred, no output PDF file produced!
--- failed re-building ‘gnmOverview.Rnw’
SUMMARY: processing the following file failed:
‘gnmOverview.Rnw’
Error: Vignette re-building failed.
Execution halted
Flavor: r-release-macos-x86_64