CRAN Package Check Results for Package golem

Last updated on 2023-01-29 03:55:15 CET.

Flavor Version Tinstall Tcheck Ttotal Status Flags
r-devel-linux-x86_64-debian-clang 0.3.5 9.77 136.93 146.70 OK
r-devel-linux-x86_64-debian-gcc 0.3.5 7.81 101.20 109.01 OK
r-devel-linux-x86_64-fedora-clang 0.3.5 214.97 OK
r-devel-linux-x86_64-fedora-gcc 0.3.5 412.08 OK
r-devel-windows-x86_64 0.3.5 68.00 308.00 376.00 OK
r-patched-linux-x86_64 0.3.5 10.46 133.98 144.44 OK
r-release-linux-x86_64 0.3.5 8.41 123.96 132.37 OK
r-release-macos-arm64 0.3.5 207.00 OK
r-release-macos-x86_64 0.3.5 281.00 OK
r-release-windows-x86_64 0.3.5 78.00 307.00 385.00 OK
r-oldrel-macos-arm64 0.3.5 208.00 OK
r-oldrel-macos-x86_64 0.3.5 292.00 OK
r-oldrel-windows-ix86+x86_64 0.3.5 24.00 266.00 290.00 WARN

Check Details

Version: 0.3.5
Check: for unstated dependencies in ‘tests’
Result: WARN
    Warning: unable to access index for repository https://bioconductor.org/packages/3.14/bioc/src/contrib:
     cannot open URL 'https://bioconductor.org/packages/3.14/bioc/src/contrib/PACKAGES'
    Warning: unable to access index for repository https://bioconductor.org/packages/3.14/data/annotation/src/contrib:
     cannot open URL 'https://bioconductor.org/packages/3.14/data/annotation/src/contrib/PACKAGES'
    Warning: unable to access index for repository https://bioconductor.org/packages/3.14/data/experiment/src/contrib:
     cannot open URL 'https://bioconductor.org/packages/3.14/data/experiment/src/contrib/PACKAGES'
Flavor: r-oldrel-windows-ix86+x86_64