CRAN Package Check Results for Package googleCloudRunner

Last updated on 2021-11-27 19:49:35 CET.

Flavor Version Tinstall Tcheck Ttotal Status Flags
r-devel-linux-x86_64-debian-clang 0.4.1 NOTE
r-devel-linux-x86_64-debian-gcc 0.4.1 4.32 39.53 43.85 NOTE
r-devel-linux-x86_64-fedora-clang 0.4.1 81.22 NOTE
r-devel-linux-x86_64-fedora-gcc 0.4.1 69.26 NOTE
r-devel-windows-x86_64-new-UL 0.4.1 22.00 96.00 118.00 NOTE
r-devel-windows-x86_64-new-TK 0.4.1 NOTE
r-devel-windows-x86_64-old 0.4.1 9.00 77.00 86.00 NOTE
r-patched-linux-x86_64 0.4.1 7.87 48.56 56.43 NOTE
r-patched-solaris-x86 0.4.1 97.50 NOTE
r-release-linux-x86_64 0.4.1 NOTE
r-release-macos-arm64 0.4.1 NOTE
r-release-macos-x86_64 0.4.1 NOTE
r-release-windows-ix86+x86_64 0.4.1 16.00 60.00 76.00 NOTE
r-oldrel-macos-x86_64 0.4.1 OK
r-oldrel-windows-ix86+x86_64 0.4.1 18.00 74.00 92.00 OK

Check Details

Version: 0.4.1
Check: LazyData
Result: NOTE
     'LazyData' is specified without a 'data' directory
Flavors: r-devel-linux-x86_64-debian-clang, r-devel-linux-x86_64-debian-gcc, r-devel-linux-x86_64-fedora-clang, r-devel-linux-x86_64-fedora-gcc, r-devel-windows-x86_64-new-UL, r-devel-windows-x86_64-new-TK, r-devel-windows-x86_64-old, r-patched-linux-x86_64, r-patched-solaris-x86, r-release-linux-x86_64, r-release-macos-arm64, r-release-macos-x86_64, r-release-windows-ix86+x86_64

Version: 0.4.1
Check: Rd cross-references
Result: NOTE
    Undeclared packages ‘devtools’, ‘pkgdown’ in Rd xrefs
Flavor: r-devel-linux-x86_64-fedora-clang