CRAN Package Check Results for Package googleCloudVisionR

Last updated on 2024-04-18 16:49:56 CEST.

Flavor Version Tinstall Tcheck Ttotal Status Flags
r-devel-linux-x86_64-debian-clang 0.2.0 4.66 41.56 46.22 NOTE
r-devel-linux-x86_64-debian-gcc 0.2.0 3.30 31.47 34.77 NOTE
r-devel-linux-x86_64-fedora-clang 0.2.0 58.53 NOTE
r-devel-linux-x86_64-fedora-gcc 0.2.0 55.94 NOTE
r-prerel-macos-arm64 0.2.0 22.00 NOTE
r-prerel-windows-x86_64 0.2.0 5.00 54.00 59.00 NOTE
r-patched-linux-x86_64 0.2.0 4.18 39.11 43.29 NOTE
r-release-linux-x86_64 0.2.0 3.98 38.69 42.67 NOTE
r-release-macos-arm64 0.2.0 23.00 NOTE
r-release-macos-x86_64 0.2.0 32.00 NOTE
r-release-windows-x86_64 0.2.0 7.00 58.00 65.00 NOTE
r-oldrel-macos-arm64 0.2.0 19.00 NOTE
r-oldrel-windows-x86_64 0.2.0 7.00 65.00 72.00 NOTE

Check Details

Version: 0.2.0
Check: LazyData
Result: NOTE 'LazyData' is specified without a 'data' directory Flavors: r-devel-linux-x86_64-debian-clang, r-devel-linux-x86_64-debian-gcc, r-devel-linux-x86_64-fedora-clang, r-devel-linux-x86_64-fedora-gcc, r-prerel-macos-arm64, r-prerel-windows-x86_64, r-patched-linux-x86_64, r-release-linux-x86_64, r-release-macos-arm64, r-release-macos-x86_64, r-release-windows-x86_64, r-oldrel-macos-arm64, r-oldrel-windows-x86_64