Last updated on 2023-06-05 01:52:07 CEST.
Flavor | Version | Tinstall | Tcheck | Ttotal | Status | Flags |
---|---|---|---|---|---|---|
r-devel-linux-x86_64-debian-clang | 0.0.2 | 14.27 | 225.15 | 239.42 | NOTE | |
r-devel-linux-x86_64-debian-gcc | 0.0.2 | 13.26 | 169.15 | 182.41 | NOTE | |
r-devel-linux-x86_64-fedora-clang | 0.0.2 | 322.50 | NOTE | |||
r-devel-linux-x86_64-fedora-gcc | 0.0.2 | 279.51 | NOTE | |||
r-devel-windows-x86_64 | 0.0.2 | 14.00 | 158.00 | 172.00 | NOTE | |
r-patched-linux-x86_64 | 0.0.2 | 16.40 | 207.45 | 223.85 | NOTE | |
r-release-linux-x86_64 | 0.0.2 | 16.95 | 211.41 | 228.36 | NOTE | |
r-release-macos-arm64 | 0.0.2 | 72.00 | NOTE | |||
r-release-macos-x86_64 | 0.0.2 | 126.00 | NOTE | |||
r-release-windows-x86_64 | 0.0.2 | 18.00 | 204.00 | 222.00 | NOTE | |
r-oldrel-macos-arm64 | 0.0.2 | 63.00 | NOTE | |||
r-oldrel-macos-x86_64 | 0.0.2 | 82.00 | NOTE | |||
r-oldrel-windows-x86_64 | 0.0.2 | 19.00 | 206.00 | 225.00 | NOTE |
Version: 0.0.2
Check: LazyData
Result: NOTE
'LazyData' is specified without a 'data' directory
Flavors: r-devel-linux-x86_64-debian-clang, r-devel-linux-x86_64-debian-gcc, r-devel-linux-x86_64-fedora-clang, r-devel-linux-x86_64-fedora-gcc, r-devel-windows-x86_64, r-patched-linux-x86_64, r-release-linux-x86_64, r-release-macos-arm64, r-release-macos-x86_64, r-release-windows-x86_64, r-oldrel-macos-arm64, r-oldrel-macos-x86_64, r-oldrel-windows-x86_64