Last updated on 2023-05-28 20:57:47 CEST.
Flavor | Version | Tinstall | Tcheck | Ttotal | Status | Flags |
---|---|---|---|---|---|---|
r-devel-linux-x86_64-debian-clang | 0.0.8 | 12.42 | 106.97 | 119.39 | OK | |
r-devel-linux-x86_64-debian-gcc | 0.0.8 | 10.61 | 78.34 | 88.95 | OK | |
r-devel-linux-x86_64-fedora-clang | 0.0.8 | 149.49 | NOTE | |||
r-devel-linux-x86_64-fedora-gcc | 0.0.8 | 138.04 | NOTE | |||
r-devel-windows-x86_64 | 0.0.8 | 13.00 | 91.00 | 104.00 | OK | |
r-patched-linux-x86_64 | 0.0.8 | 15.52 | 98.40 | 113.92 | OK | |
r-release-linux-x86_64 | 0.0.8 | 10.52 | 96.88 | 107.40 | OK | |
r-release-macos-arm64 | 0.0.8 | 45.00 | OK | |||
r-release-macos-x86_64 | 0.0.8 | 95.00 | OK | |||
r-release-windows-x86_64 | 0.0.8 | 15.00 | 109.00 | 124.00 | OK | |
r-oldrel-macos-arm64 | 0.0.8 | 42.00 | OK | |||
r-oldrel-macos-x86_64 | 0.0.8 | 63.00 | OK | |||
r-oldrel-windows-x86_64 | 0.0.8 | 16.00 | 109.00 | 125.00 | OK |
Version: 0.0.8
Check: data for non-ASCII characters
Result: NOTE
Note: found 5030 marked UTF-8 strings
Flavors: r-devel-linux-x86_64-fedora-clang, r-devel-linux-x86_64-fedora-gcc