CRAN Package Check Results for Package graph3d

Last updated on 2025-01-25 15:49:12 CET.

Flavor Version Tinstall Tcheck Ttotal Status Flags
r-devel-linux-x86_64-debian-clang 0.2.0 2.37 25.57 27.94 OK
r-devel-linux-x86_64-debian-gcc 0.2.0 1.91 20.41 22.32 OK
r-devel-linux-x86_64-fedora-clang 0.2.0 45.24 OK
r-devel-linux-x86_64-fedora-gcc 0.2.0 43.30 OK
r-devel-windows-x86_64 0.2.0 5.00 48.00 53.00 OK
r-patched-linux-x86_64 0.2.0 2.53 25.01 27.54 NOTE
r-release-linux-x86_64 0.2.0 2.05 24.91 26.96 NOTE
r-release-macos-arm64 0.2.0 19.00 NOTE
r-release-macos-x86_64 0.2.0 27.00 NOTE
r-release-windows-x86_64 0.2.0 3.00 47.00 50.00 NOTE
r-oldrel-macos-arm64 0.2.0 25.00 NOTE
r-oldrel-macos-x86_64 0.2.0 24.00 NOTE
r-oldrel-windows-x86_64 0.2.0 5.00 50.00 55.00 NOTE

Check Details

Version: 0.2.0
Check: LazyData
Result: NOTE 'LazyData' is specified without a 'data' directory Flavors: r-patched-linux-x86_64, r-release-linux-x86_64, r-release-macos-arm64, r-release-macos-x86_64, r-release-windows-x86_64, r-oldrel-macos-arm64, r-oldrel-macos-x86_64, r-oldrel-windows-x86_64