CRAN Package Check Results for Package graphql

Last updated on 2024-02-27 04:07:07 CET.

Flavor Version Tinstall Tcheck Ttotal Status Flags
r-devel-linux-x86_64-debian-clang 1.5.1 51.00 29.01 80.01 NOTE
r-devel-linux-x86_64-debian-gcc 1.5.1 38.87 22.61 61.48 NOTE
r-devel-linux-x86_64-fedora-clang 1.5.1 113.11 NOTE
r-devel-linux-x86_64-fedora-gcc 1.5.1 108.28 NOTE
r-devel-windows-x86_64 1.5.1 37.00 62.00 99.00 NOTE
r-patched-linux-x86_64 1.5.1 50.21 28.77 78.98 NOTE
r-release-linux-x86_64 1.5.1 47.54 28.99 76.53 NOTE
r-release-macos-arm64 1.5.1 30.00 NOTE
r-release-macos-x86_64 1.5.1 49.00 NOTE
r-release-windows-x86_64 1.5.1 41.00 74.00 115.00 NOTE
r-oldrel-macos-arm64 1.5.1 30.00 OK
r-oldrel-windows-x86_64 1.5.1 50.00 71.00 121.00 OK

Check Details

Version: 1.5.1
Check: C++ specification
Result: NOTE Specified C++11: please drop specification unless essential Flavors: r-devel-linux-x86_64-debian-clang, r-devel-linux-x86_64-debian-gcc, r-devel-linux-x86_64-fedora-clang, r-devel-linux-x86_64-fedora-gcc, r-devel-windows-x86_64, r-patched-linux-x86_64, r-release-linux-x86_64, r-release-macos-arm64, r-release-macos-x86_64, r-release-windows-x86_64