Last updated on 2023-03-23 19:50:16 CET.
Flavor | Version | Tinstall | Tcheck | Ttotal | Status | Flags |
---|---|---|---|---|---|---|
r-devel-linux-x86_64-debian-clang | 1.5.1 | 39.34 | 28.77 | 68.11 | NOTE | |
r-devel-linux-x86_64-debian-gcc | 1.5.1 | 34.19 | 22.91 | 57.10 | NOTE | |
r-devel-linux-x86_64-fedora-clang | 1.5.1 | 113.55 | NOTE | |||
r-devel-linux-x86_64-fedora-gcc | 1.5.1 | 103.00 | NOTE | |||
r-patched-linux-x86_64 | 1.5.1 | 43.42 | 29.93 | 73.35 | OK | |
r-release-linux-x86_64 | 1.5.1 | 38.60 | 29.69 | 68.29 | OK | |
r-release-macos-arm64 | 1.5.1 | 40.00 | OK | |||
r-release-macos-x86_64 | 1.5.1 | 47.00 | OK | |||
r-release-windows-x86_64 | 1.5.1 | 50.00 | 99.00 | 149.00 | OK | |
r-oldrel-macos-arm64 | 1.5.1 | 39.00 | OK | |||
r-oldrel-macos-x86_64 | 1.5.1 | 51.00 | OK | |||
r-oldrel-windows-ix86+x86_64 | 1.5.1 | 109.00 | 82.00 | 191.00 | OK |
Version: 1.5.1
Check: C++ specification
Result: NOTE
Specified C++11: please drop specification unless essential
Flavors: r-devel-linux-x86_64-debian-clang, r-devel-linux-x86_64-debian-gcc, r-devel-linux-x86_64-fedora-clang, r-devel-linux-x86_64-fedora-gcc