CRAN Package Check Results for Package graticule

Last updated on 2021-10-27 13:07:59 CEST.

Flavor Version Tinstall Tcheck Ttotal Status Flags
r-devel-linux-x86_64-debian-clang 0.1.6 21.35 241.34 262.69 OK
r-devel-linux-x86_64-debian-gcc 0.1.6 19.67 179.01 198.68 OK
r-devel-linux-x86_64-fedora-clang 0.1.6 322.00 NOTE
r-devel-linux-x86_64-fedora-gcc 0.1.6 317.84 NOTE
r-devel-windows-x86_64 0.1.6 35.00 294.00 329.00 OK
r-devel-windows-x86_64-gcc10-UCRT 0.1.6 NOTE
r-patched-linux-x86_64 0.1.6 18.29 235.85 254.14 OK
r-patched-solaris-x86 0.1.6 352.10 NOTE
r-release-linux-x86_64 0.1.6 18.47 235.44 253.91 OK
r-release-macos-arm64 0.1.6 NOTE
r-release-macos-x86_64 0.1.6 NOTE
r-release-windows-ix86+x86_64 0.1.6 39.00 199.00 238.00 OK
r-oldrel-macos-x86_64 0.1.6 NOTE
r-oldrel-windows-ix86+x86_64 0.1.6 21.00 134.00 155.00 OK

Check Details

Version: 0.1.6
Check: dependencies in R code
Result: NOTE
    Namespaces in Imports field not imported from:
     ‘methods’ ‘quadmesh’
     All declared Imports should be used.
Flavors: r-devel-linux-x86_64-fedora-clang, r-devel-linux-x86_64-fedora-gcc, r-devel-windows-x86_64-gcc10-UCRT, r-patched-solaris-x86, r-release-macos-arm64, r-release-macos-x86_64, r-oldrel-macos-x86_64