Last updated on 2023-02-04 19:58:12 CET.
Flavor | Version | Tinstall | Tcheck | Ttotal | Status | Flags |
---|---|---|---|---|---|---|
r-devel-linux-x86_64-debian-clang | 2.0.0.0 | 19.74 | 78.72 | 98.46 | WARN | |
r-devel-linux-x86_64-debian-gcc | 2.0.0.0 | 14.03 | 57.85 | 71.88 | WARN | |
r-devel-linux-x86_64-fedora-clang | 2.0.0.0 | 118.98 | WARN | |||
r-devel-linux-x86_64-fedora-gcc | 2.0.0.0 | 114.30 | WARN | |||
r-devel-windows-x86_64 | 2.0.0.0 | 126.00 | 126.00 | 252.00 | NOTE | |
r-patched-linux-x86_64 | 2.0.0.0 | 16.64 | 70.08 | 86.72 | NOTE | |
r-release-linux-x86_64 | 2.0.0.0 | 14.70 | 70.67 | 85.37 | NOTE | |
r-release-macos-arm64 | 2.0.0.0 | 40.00 | NOTE | |||
r-release-macos-x86_64 | 2.0.0.0 | 53.00 | NOTE | |||
r-release-windows-x86_64 | 2.0.0.0 | 42.00 | 114.00 | 156.00 | NOTE | |
r-oldrel-macos-arm64 | 2.0.0.0 | 36.00 | NOTE | |||
r-oldrel-macos-x86_64 | 2.0.0.0 | 53.00 | NOTE | |||
r-oldrel-windows-ix86+x86_64 | 2.0.0.0 | 69.00 | 135.00 | 204.00 | NOTE |
Version: 2.0.0.0
Check: package dependencies
Result: NOTE
Packages suggested but not available for checking:
'taxstats', 'taxstats1516'
Flavors: r-devel-linux-x86_64-debian-clang, r-devel-linux-x86_64-debian-gcc, r-devel-linux-x86_64-fedora-clang, r-devel-linux-x86_64-fedora-gcc, r-devel-windows-x86_64, r-patched-linux-x86_64, r-release-linux-x86_64, r-release-macos-arm64, r-release-macos-x86_64, r-release-windows-x86_64, r-oldrel-macos-arm64, r-oldrel-macos-x86_64, r-oldrel-windows-ix86+x86_64
Version: 2.0.0.0
Check: whether package can be installed
Result: WARN
Found the following significant warnings:
Offset.c:3:21: warning: a function declaration without a prototype is deprecated in all versions of C [-Wstrict-prototypes]
init.c:12:28: warning: a function declaration without a prototype is deprecated in all versions of C [-Wstrict-prototypes]
omp_diagnose.c:5:16: warning: a function declaration without a prototype is deprecated in all versions of C [-Wstrict-prototypes]
omp_diagnose.c:18:17: warning: a function declaration without a prototype is deprecated in all versions of C [-Wstrict-prototypes]
See ‘/home/hornik/tmp/R.check/r-devel-clang/Work/PKGS/grattan.Rcheck/00install.out’ for details.
* used C compiler: ‘Debian clang version 15.0.6’
Flavor: r-devel-linux-x86_64-debian-clang
Version: 2.0.0.0
Check: whether package can be installed
Result: WARN
Found the following significant warnings:
Offset.c:3:6: warning: function declaration isn’t a prototype [-Wstrict-prototypes]
init.c:12:1: warning: function declaration isn’t a prototype [-Wstrict-prototypes]
omp_diagnose.c:5:6: warning: function declaration isn’t a prototype [-Wstrict-prototypes]
omp_diagnose.c:18:6: warning: function declaration isn’t a prototype [-Wstrict-prototypes]
See ‘/home/hornik/tmp/R.check/r-devel-gcc/Work/PKGS/grattan.Rcheck/00install.out’ for details.
* used C compiler: ‘gcc-12 (Debian 12.2.0-14) 12.2.0’
Flavor: r-devel-linux-x86_64-debian-gcc
Version: 2.0.0.0
Check: whether package can be installed
Result: WARN
Found the following significant warnings:
Offset.c:3:21: warning: a function declaration without a prototype is deprecated in all versions of C [-Wstrict-prototypes]
init.c:12:28: warning: a function declaration without a prototype is deprecated in all versions of C [-Wstrict-prototypes]
omp_diagnose.c:5:16: warning: a function declaration without a prototype is deprecated in all versions of C [-Wstrict-prototypes]
omp_diagnose.c:18:17: warning: a function declaration without a prototype is deprecated in all versions of C [-Wstrict-prototypes]
See ‘/data/gannet/ripley/R/packages/tests-clang/grattan.Rcheck/00install.out’ for details.
* used C compiler: ‘clang version 15.0.7’
Flavor: r-devel-linux-x86_64-fedora-clang
Version: 2.0.0.0
Check: whether package can be installed
Result: WARN
Found the following significant warnings:
Offset.c:3:6: warning: function declaration isn’t a prototype [-Wstrict-prototypes]
init.c:12:1: warning: function declaration isn’t a prototype [-Wstrict-prototypes]
omp_diagnose.c:5:6: warning: function declaration isn’t a prototype [-Wstrict-prototypes]
omp_diagnose.c:18:6: warning: function declaration isn’t a prototype [-Wstrict-prototypes]
See ‘/data/gannet/ripley/R/packages/tests-devel/grattan.Rcheck/00install.out’ for details.
* used C compiler: ‘gcc (GCC) 12.2.1 20221121 (Red Hat 12.2.1-4)’
Flavor: r-devel-linux-x86_64-fedora-gcc