Last updated on 2023-03-31 20:50:14 CEST.
Flavor | Version | Tinstall | Tcheck | Ttotal | Status | Flags |
---|---|---|---|---|---|---|
r-devel-linux-x86_64-debian-clang | 0.6.1 | 393.05 | 363.48 | 756.53 | NOTE | |
r-devel-linux-x86_64-debian-gcc | 0.6.1 | 328.74 | 238.57 | 567.31 | NOTE | |
r-devel-linux-x86_64-fedora-clang | 0.6.1 | 1027.14 | NOTE | |||
r-devel-linux-x86_64-fedora-gcc | 0.6.1 | 1032.75 | NOTE | |||
r-devel-windows-x86_64 | 0.6.1 | 331.00 | 0.00 | 331.00 | NOTE | |
r-patched-linux-x86_64 | 0.6.1 | 340.51 | 306.07 | 646.58 | NOTE | |
r-release-linux-x86_64 | 0.6.1 | 339.40 | 310.75 | 650.15 | OK | |
r-release-macos-arm64 | 0.6.1 | 212.00 | NOTE | |||
r-release-macos-x86_64 | 0.6.1 | 279.00 | NOTE | |||
r-release-windows-x86_64 | 0.6.1 | 318.00 | 394.00 | 712.00 | OK | |
r-oldrel-macos-arm64 | 0.6.1 | 211.00 | NOTE | |||
r-oldrel-macos-x86_64 | 0.6.1 | 278.00 | NOTE | |||
r-oldrel-windows-ix86+x86_64 | 0.6.1 | 907.00 | 694.00 | 1601.00 | NOTE |
Version: 0.6.1
Check: C++ specification
Result: NOTE
Specified C++11: please drop specification unless essential
Flavors: r-devel-linux-x86_64-debian-clang, r-devel-linux-x86_64-debian-gcc, r-devel-linux-x86_64-fedora-clang, r-devel-linux-x86_64-fedora-gcc, r-devel-windows-x86_64, r-patched-linux-x86_64
Version: 0.6.1
Check: data for non-ASCII characters
Result: NOTE
Note: found 989 marked UTF-8 strings
Flavors: r-devel-linux-x86_64-fedora-clang, r-devel-linux-x86_64-fedora-gcc, r-release-macos-arm64, r-release-macos-x86_64, r-oldrel-macos-arm64, r-oldrel-macos-x86_64
Version: 0.6.1
Check: installed package size
Result: NOTE
installed size is 19.7Mb
sub-directories of 1Mb or more:
libs 17.4Mb
Flavors: r-release-macos-arm64, r-release-macos-x86_64, r-oldrel-macos-arm64, r-oldrel-macos-x86_64, r-oldrel-windows-ix86+x86_64