CRAN Package Check Results for Package gridOT

Last updated on 2023-11-30 11:49:28 CET.

Flavor Version Tinstall Tcheck Ttotal Status Flags
r-devel-linux-x86_64-debian-clang 1.0.1 88.03 30.75 118.78 NOTE
r-devel-linux-x86_64-debian-gcc 1.0.1 64.40 23.85 88.25 NOTE
r-devel-linux-x86_64-fedora-clang 1.0.1 193.05 NOTE
r-devel-linux-x86_64-fedora-gcc 1.0.1 179.95 NOTE
r-devel-windows-x86_64 1.0.1 68.00 71.00 139.00 NOTE
r-patched-linux-x86_64 1.0.1 72.95 30.05 103.00 NOTE
r-release-linux-x86_64 1.0.1 77.83 31.05 108.88 NOTE
r-release-macos-arm64 1.0.1 41.00 NOTE
r-release-macos-x86_64 1.0.1 72.00 NOTE
r-release-windows-x86_64 1.0.1 91.00 73.00 164.00 NOTE
r-oldrel-macos-arm64 1.0.1 40.00 OK
r-oldrel-macos-x86_64 1.0.1 54.00 OK
r-oldrel-windows-x86_64 1.0.1 90.00 74.00 164.00 OK

Check Details

Version: 1.0.1
Check: C++ specification
Result: NOTE Specified C++11: please drop specification unless essential Flavors: r-devel-linux-x86_64-debian-clang, r-devel-linux-x86_64-debian-gcc, r-devel-linux-x86_64-fedora-clang, r-devel-linux-x86_64-fedora-gcc, r-devel-windows-x86_64, r-patched-linux-x86_64, r-release-linux-x86_64, r-release-macos-arm64, r-release-macos-x86_64, r-release-windows-x86_64