Last updated on 2023-03-31 16:53:50 CEST.
Flavor | Version | Tinstall | Tcheck | Ttotal | Status | Flags |
---|---|---|---|---|---|---|
r-devel-linux-x86_64-debian-clang | 1.0.5 | 102.64 | 63.78 | 166.42 | NOTE | |
r-devel-linux-x86_64-debian-gcc | 1.0.5 | 80.95 | 50.51 | 131.46 | NOTE | |
r-devel-linux-x86_64-fedora-clang | 1.0.5 | 284.12 | NOTE | |||
r-devel-linux-x86_64-fedora-gcc | 1.0.5 | 235.70 | NOTE | |||
r-devel-windows-x86_64 | 1.0.5 | 116.00 | 0.00 | 116.00 | NOTE | |
r-patched-linux-x86_64 | 1.0.5 | 88.27 | 61.96 | 150.23 | NOTE | |
r-release-linux-x86_64 | 1.0.5 | 88.35 | 63.54 | 151.89 | OK | |
r-release-macos-arm64 | 1.0.5 | 61.00 | NOTE | |||
r-release-macos-x86_64 | 1.0.5 | 82.00 | NOTE | |||
r-release-windows-x86_64 | 1.0.5 | 95.00 | 144.00 | 239.00 | OK | |
r-oldrel-macos-arm64 | 1.0.5 | 56.00 | NOTE | |||
r-oldrel-macos-x86_64 | 1.0.5 | 85.00 | NOTE | |||
r-oldrel-windows-ix86+x86_64 | 1.0.5 | 248.00 | 136.00 | 384.00 | OK |
Version: 1.0.5
Check: C++ specification
Result: NOTE
Specified C++11: please drop specification unless essential
Flavors: r-devel-linux-x86_64-debian-clang, r-devel-linux-x86_64-debian-gcc, r-devel-linux-x86_64-fedora-clang, r-devel-linux-x86_64-fedora-gcc, r-devel-windows-x86_64, r-patched-linux-x86_64
Version: 1.0.5
Check: installed package size
Result: NOTE
installed size is 9.3Mb
sub-directories of 1Mb or more:
libs 8.9Mb
Flavors: r-release-macos-arm64, r-release-macos-x86_64, r-oldrel-macos-arm64, r-oldrel-macos-x86_64