Last updated on 2023-03-31 08:54:02 CEST.
Flavor | Version | Tinstall | Tcheck | Ttotal | Status | Flags |
---|---|---|---|---|---|---|
r-devel-linux-x86_64-debian-clang | 1.2.1 | 64.14 | 128.95 | 193.09 | NOTE | |
r-devel-linux-x86_64-debian-gcc | 1.2.1 | 50.46 | 96.93 | 147.39 | NOTE | |
r-devel-linux-x86_64-fedora-clang | 1.2.1 | 250.02 | NOTE | |||
r-devel-linux-x86_64-fedora-gcc | 1.2.1 | 240.93 | NOTE | |||
r-devel-windows-x86_64 | 1.2.1 | 60.00 | 0.00 | 60.00 | NOTE | |
r-patched-linux-x86_64 | 1.2.1 | 58.09 | 121.81 | 179.90 | NOTE | |
r-release-linux-x86_64 | 1.2.1 | 56.63 | 121.31 | 177.94 | OK | |
r-release-macos-arm64 | 1.2.1 | 61.00 | OK | |||
r-release-macos-x86_64 | 1.2.1 | 124.00 | OK | |||
r-release-windows-x86_64 | 1.2.1 | 60.00 | 167.00 | 227.00 | OK | |
r-oldrel-macos-arm64 | 1.2.1 | 67.00 | NOTE | |||
r-oldrel-macos-x86_64 | 1.2.1 | 81.00 | OK | |||
r-oldrel-windows-ix86+x86_64 | 1.2.1 | 141.00 | 182.00 | 323.00 | OK |
Version: 1.2.1
Check: C++ specification
Result: NOTE
Specified C++11: please drop specification unless essential
Flavors: r-devel-linux-x86_64-debian-clang, r-devel-linux-x86_64-debian-gcc, r-devel-linux-x86_64-fedora-clang, r-devel-linux-x86_64-fedora-gcc, r-devel-windows-x86_64, r-patched-linux-x86_64
Version: 1.2.1
Check: installed package size
Result: NOTE
installed size is 5.5Mb
sub-directories of 1Mb or more:
libs 5.1Mb
Flavor: r-oldrel-macos-arm64