Last updated on 2023-06-06 08:59:01 CEST.
Flavor | Version | Tinstall | Tcheck | Ttotal | Status | Flags |
---|---|---|---|---|---|---|
r-devel-linux-x86_64-debian-clang | 0.9.0 | 27.50 | 266.27 | 293.77 | OK | |
r-devel-linux-x86_64-debian-gcc | 0.9.0 | 24.63 | 200.23 | 224.86 | OK | |
r-devel-linux-x86_64-fedora-clang | 0.9.0 | 355.13 | NOTE | |||
r-devel-linux-x86_64-fedora-gcc | 0.9.0 | 338.63 | NOTE | |||
r-devel-windows-x86_64 | 0.9.0 | 28.00 | 214.00 | 242.00 | OK | |
r-patched-linux-x86_64 | 0.9.0 | 36.76 | 251.04 | 287.80 | OK | |
r-release-linux-x86_64 | 0.9.0 | 17.90 | 252.75 | 270.65 | OK | |
r-release-macos-arm64 | 0.9.0 | 85.00 | OK | |||
r-release-macos-x86_64 | 0.9.0 | 146.00 | OK | |||
r-release-windows-x86_64 | 0.9.0 | 36.00 | 263.00 | 299.00 | OK | |
r-oldrel-macos-arm64 | 0.9.0 | 84.00 | OK | |||
r-oldrel-macos-x86_64 | 0.9.0 | 95.00 | OK | |||
r-oldrel-windows-x86_64 | 0.9.0 | 35.00 | 184.00 | 219.00 | OK |
Version: 0.9.0
Check: data for non-ASCII characters
Result: NOTE
Note: found 146 marked UTF-8 strings
Flavors: r-devel-linux-x86_64-fedora-clang, r-devel-linux-x86_64-fedora-gcc