CRAN Package Check Results for Package gtrendsR

Last updated on 2024-02-24 07:51:25 CET.

Flavor Version Tinstall Tcheck Ttotal Status Flags
r-devel-linux-x86_64-debian-clang 1.5.1 7.32 55.77 63.09 OK
r-devel-linux-x86_64-debian-gcc 1.5.1 6.31 42.46 48.77 OK
r-devel-linux-x86_64-fedora-clang 1.5.1 79.69 NOTE
r-devel-linux-x86_64-fedora-gcc 1.5.1 80.12 NOTE
r-devel-windows-x86_64 1.5.1 8.00 60.00 68.00 OK
r-patched-linux-x86_64 1.5.1 9.33 55.35 64.68 OK
r-release-linux-x86_64 1.5.1 6.99 53.85 60.84 OK
r-release-macos-arm64 1.5.1 30.00 OK
r-release-macos-x86_64 1.5.1 43.00 OK
r-release-windows-x86_64 1.5.1 12.00 67.00 79.00 OK
r-oldrel-macos-arm64 1.5.1 34.00 NOTE
r-oldrel-windows-x86_64 1.5.1 11.00 72.00 83.00 OK

Check Details

Version: 1.5.1
Check: data for non-ASCII characters
Result: NOTE Note: found 269 marked UTF-8 strings Flavors: r-devel-linux-x86_64-fedora-clang, r-devel-linux-x86_64-fedora-gcc, r-oldrel-macos-arm64