CRAN Package Check Results for Package guardianapi

Last updated on 2023-09-21 16:57:52 CEST.

Flavor Version Tinstall Tcheck Ttotal Status Flags
r-devel-linux-x86_64-debian-clang 0.1.1 6.50 50.63 57.13 NOTE
r-devel-linux-x86_64-debian-gcc 0.1.1 4.70 37.28 41.98 NOTE
r-devel-linux-x86_64-fedora-clang 0.1.1 66.57 NOTE
r-devel-linux-x86_64-fedora-gcc 0.1.1 76.53 NOTE
r-devel-windows-x86_64 0.1.1 6.00 58.00 64.00 NOTE
r-patched-linux-x86_64 0.1.1 5.51 47.36 52.87 NOTE
r-release-linux-x86_64 0.1.1 6.32 47.90 54.22 NOTE
r-release-macos-arm64 0.1.1 39.00 NOTE
r-release-macos-x86_64 0.1.1 48.00 NOTE
r-release-windows-x86_64 0.1.1 7.00 64.00 71.00 NOTE
r-oldrel-macos-arm64 0.1.1 28.00 NOTE
r-oldrel-macos-x86_64 0.1.1 46.00 NOTE
r-oldrel-windows-x86_64 0.1.1 8.00 65.00 73.00 NOTE

Check Details

Version: 0.1.1
Check: LazyData
Result: NOTE
     'LazyData' is specified without a 'data' directory
Flavors: r-devel-linux-x86_64-debian-clang, r-devel-linux-x86_64-debian-gcc, r-devel-linux-x86_64-fedora-clang, r-devel-linux-x86_64-fedora-gcc, r-devel-windows-x86_64, r-patched-linux-x86_64, r-release-linux-x86_64, r-release-macos-arm64, r-release-macos-x86_64, r-release-windows-x86_64, r-oldrel-macos-arm64, r-oldrel-macos-x86_64, r-oldrel-windows-x86_64