CRAN Package Check Results for Package gwfa

Last updated on 2023-03-27 20:52:16 CEST.

Flavor Version Tinstall Tcheck Ttotal Status Flags
r-devel-linux-x86_64-debian-clang 0.0.4 23.41 41.64 65.05 OK
r-devel-linux-x86_64-debian-gcc 0.0.4 18.12 33.66 51.78 OK
r-devel-linux-x86_64-fedora-clang 0.0.4 88.35 NOTE
r-devel-linux-x86_64-fedora-gcc 0.0.4 85.01 NOTE
r-patched-linux-x86_64 0.0.4 18.76 43.56 62.32 OK
r-release-linux-x86_64 0.0.4 19.41 42.62 62.03 OK
r-release-macos-arm64 0.0.4 29.00 OK
r-release-macos-x86_64 0.0.4 37.00 OK
r-release-windows-x86_64 0.0.4 28.00 95.00 123.00 OK
r-oldrel-macos-arm64 0.0.4 31.00 OK
r-oldrel-macos-x86_64 0.0.4 48.00 OK
r-oldrel-windows-ix86+x86_64 0.0.4 53.00 101.00 154.00 OK

Check Details

Version: 0.0.4
Check: compiled code
Result: NOTE
    File ‘gwfa/libs/gwfa.so’:
     Found no calls to: ‘R_registerRoutines’, ‘R_useDynamicSymbols’
    
    It is good practice to register native routines and to disable symbol
    search.
    
    See ‘Writing portable packages’ in the ‘Writing R Extensions’ manual.
Flavors: r-devel-linux-x86_64-fedora-clang, r-devel-linux-x86_64-fedora-gcc