CRAN Package Check Results for Package hadron

Last updated on 2022-01-23 12:05:12 CET.

Flavor Version Tinstall Tcheck Ttotal Status Flags
r-devel-linux-x86_64-debian-clang 3.1.2 39.43 208.61 248.04 OK
r-devel-linux-x86_64-debian-gcc 3.1.2 35.35 160.00 195.35 OK
r-devel-linux-x86_64-fedora-clang 3.1.2 312.36 OK
r-devel-linux-x86_64-fedora-gcc 3.1.2 293.40 OK
r-devel-windows-x86_64-new-UL 3.1.2 219.00 318.00 537.00 OK
r-devel-windows-x86_64-new-TK 3.1.2 OK
r-patched-linux-x86_64 3.1.2 45.33 189.79 235.12 OK
r-release-linux-x86_64 3.1.2 42.78 190.07 232.85 OK
r-release-macos-arm64 3.1.2 NOTE
r-release-macos-x86_64 3.1.2 NOTE
r-release-windows-ix86+x86_64 3.1.2 92.00 290.00 382.00 NOTE
r-oldrel-macos-x86_64 3.1.2 NOTE
r-oldrel-windows-ix86+x86_64 3.1.2 92.00 295.00 387.00 NOTE

Check Details

Version: 3.1.2
Check: installed package size
Result: NOTE
     installed size is 5.4Mb
     sub-directories of 1Mb or more:
     data 1.3Mb
     libs 1.8Mb
Flavors: r-release-macos-arm64, r-release-macos-x86_64, r-release-windows-ix86+x86_64, r-oldrel-macos-x86_64, r-oldrel-windows-ix86+x86_64