CRAN Package Check Results for Package harmony

Last updated on 2021-11-27 19:49:36 CET.

Flavor Version Tinstall Tcheck Ttotal Status Flags
r-devel-linux-x86_64-debian-clang 0.1.0 OK
r-devel-linux-x86_64-debian-gcc 0.1.0 37.87 64.61 102.48 OK
r-devel-linux-x86_64-fedora-clang 0.1.0 195.12 NOTE
r-devel-linux-x86_64-fedora-gcc 0.1.0 180.28 OK
r-devel-windows-x86_64-new-UL 0.1.0 63.00 159.00 222.00 OK
r-devel-windows-x86_64-new-TK 0.1.0 OK
r-devel-windows-x86_64-old 0.1.0 54.00 134.00 188.00 OK
r-patched-linux-x86_64 0.1.0 43.28 80.06 123.34 OK
r-patched-solaris-x86 0.1.0 177.20 OK
r-release-linux-x86_64 0.1.0 OK
r-release-macos-arm64 0.1.0 NOTE
r-release-macos-x86_64 0.1.0 NOTE
r-release-windows-ix86+x86_64 0.1.0 114.00 122.00 236.00 OK
r-oldrel-macos-x86_64 0.1.0 NOTE
r-oldrel-windows-ix86+x86_64 0.1.0 109.00 159.00 268.00 OK

Check Details

Version: 0.1.0
Check: installed package size
Result: NOTE
     installed size is 5.9Mb
     sub-directories of 1Mb or more:
     doc 1.4Mb
     libs 3.9Mb
Flavors: r-devel-linux-x86_64-fedora-clang, r-release-macos-arm64, r-release-macos-x86_64, r-oldrel-macos-x86_64