Last updated on 2023-03-29 00:57:09 CEST.
Flavor | Version | Tinstall | Tcheck | Ttotal | Status | Flags |
---|---|---|---|---|---|---|
r-devel-linux-x86_64-debian-clang | 0.1.1 | 48.91 | 92.94 | 141.85 | NOTE | |
r-devel-linux-x86_64-debian-gcc | 0.1.1 | 40.43 | 70.51 | 110.94 | NOTE | |
r-devel-linux-x86_64-fedora-clang | 0.1.1 | 190.75 | NOTE | |||
r-devel-linux-x86_64-fedora-gcc | 0.1.1 | 197.26 | NOTE | |||
r-devel-windows-x86_64 | 0.1.1 | 58.00 | 0.00 | 58.00 | NOTE | |
r-patched-linux-x86_64 | 0.1.1 | 43.55 | 90.20 | 133.75 | NOTE | |
r-release-linux-x86_64 | 0.1.1 | 46.33 | 91.00 | 137.33 | OK | |
r-release-macos-arm64 | 0.1.1 | 67.00 | NOTE | |||
r-release-macos-x86_64 | 0.1.1 | 79.00 | NOTE | |||
r-release-windows-x86_64 | 0.1.1 | 50.00 | 153.00 | 203.00 | OK | |
r-oldrel-macos-arm64 | 0.1.1 | 68.00 | NOTE | |||
r-oldrel-macos-x86_64 | 0.1.1 | 82.00 | NOTE | |||
r-oldrel-windows-ix86+x86_64 | 0.1.1 | 126.00 | 172.00 | 298.00 | OK |
Version: 0.1.1
Check: C++ specification
Result: NOTE
Specified C++11: please drop specification unless essential
Flavors: r-devel-linux-x86_64-debian-clang, r-devel-linux-x86_64-debian-gcc, r-devel-linux-x86_64-fedora-clang, r-devel-linux-x86_64-fedora-gcc, r-devel-windows-x86_64, r-patched-linux-x86_64
Version: 0.1.1
Check: dependencies in R code
Result: NOTE
Namespace in Imports field not imported from: ‘tidyr’
All declared Imports should be used.
Flavors: r-devel-linux-x86_64-fedora-clang, r-devel-linux-x86_64-fedora-gcc, r-release-macos-arm64, r-release-macos-x86_64, r-oldrel-macos-arm64, r-oldrel-macos-x86_64
Version: 0.1.1
Check: installed package size
Result: NOTE
installed size is 6.8Mb
sub-directories of 1Mb or more:
doc 1.2Mb
libs 5.0Mb
Flavors: r-release-macos-arm64, r-release-macos-x86_64, r-oldrel-macos-arm64, r-oldrel-macos-x86_64