CRAN Package Check Results for Package harrietr

Last updated on 2022-01-18 03:52:15 CET.

Flavor Version Tinstall Tcheck Ttotal Status Flags
r-devel-linux-x86_64-debian-clang 0.2.3 7.20 66.60 73.80 OK
r-devel-linux-x86_64-debian-gcc 0.2.3 5.30 51.29 56.59 OK
r-devel-linux-x86_64-fedora-clang 0.2.3 91.60 OK
r-devel-linux-x86_64-fedora-gcc 0.2.3 76.31 OK
r-devel-windows-x86_64-new-UL 0.2.3 36.00 83.00 119.00 OK
r-devel-windows-x86_64-new-TK 0.2.3 OK
r-patched-linux-x86_64 0.2.3 4.32 63.73 68.05 OK
r-release-linux-x86_64 0.2.3 OK
r-release-macos-arm64 0.2.3 OK
r-release-macos-x86_64 0.2.3 OK
r-release-windows-ix86+x86_64 0.2.3 17.00 80.00 97.00 OK
r-oldrel-macos-x86_64 0.2.3 ERROR
r-oldrel-windows-ix86+x86_64 0.2.3 5.00 8.00 13.00 ERROR

Check Details

Version: 0.2.3
Check: package dependencies
Result: ERROR
    Package required but not available: ‘ggtree’
    
    See section ‘The DESCRIPTION file’ in the ‘Writing R Extensions’
    manual.
Flavor: r-oldrel-macos-x86_64

Version: 0.2.3
Check: whether package can be installed
Result: ERROR
    Installation failed.
Flavor: r-oldrel-windows-ix86+x86_64