CRAN Package Check Results for Package haven

Last updated on 2021-09-21 12:53:27 CEST.

Flavor Version Tinstall Tcheck Ttotal Status Flags
r-devel-linux-x86_64-debian-clang 2.4.3 34.24 52.94 87.18 NOTE
r-devel-linux-x86_64-debian-gcc 2.4.3 24.79 39.48 64.27 NOTE
r-devel-linux-x86_64-fedora-clang 2.4.3 114.10 NOTE
r-devel-linux-x86_64-fedora-gcc 2.4.3 103.33 NOTE
r-devel-windows-x86_64 2.4.3 43.00 72.00 115.00 NOTE
r-devel-windows-x86_64-gcc10-UCRT 2.4.3 ERROR
r-patched-linux-x86_64 2.4.3 28.84 50.03 78.87 NOTE
r-patched-solaris-x86 2.4.3 125.70 NOTE
r-release-linux-x86_64 2.4.3 30.13 49.05 79.18 NOTE
r-release-macos-arm64 2.4.3 NOTE
r-release-macos-x86_64 2.4.3 NOTE
r-release-windows-ix86+x86_64 2.4.3 103.00 82.00 185.00 NOTE
r-oldrel-macos-x86_64 2.4.3 NOTE
r-oldrel-windows-ix86+x86_64 2.4.3 103.00 87.00 190.00 NOTE

Check Details

Version: 2.4.3
Check: for GNU extensions in Makefiles
Result: NOTE
    GNU make is a SystemRequirements.
Flavors: r-devel-linux-x86_64-debian-clang, r-devel-linux-x86_64-debian-gcc, r-devel-linux-x86_64-fedora-clang, r-devel-linux-x86_64-fedora-gcc, r-devel-windows-x86_64, r-patched-linux-x86_64, r-patched-solaris-x86, r-release-linux-x86_64, r-release-macos-arm64, r-release-macos-x86_64, r-release-windows-ix86+x86_64, r-oldrel-macos-x86_64, r-oldrel-windows-ix86+x86_64

Version: 2.4.3
Check: Rd cross-references
Result: NOTE
    Undeclared package ‘dplyr’ in Rd xrefs
Flavor: r-devel-linux-x86_64-fedora-clang

Version: 2.4.3
Check: whether package can be installed
Result: ERROR
    Installation failed.
Flavor: r-devel-windows-x86_64-gcc10-UCRT