Last updated on 2022-05-22 09:52:18 CEST.
Flavor | Version | Tinstall | Tcheck | Ttotal | Status | Flags |
---|---|---|---|---|---|---|
r-devel-linux-x86_64-debian-clang | 0.0-4 | 35.14 | 36.40 | 71.54 | OK | |
r-devel-linux-x86_64-debian-gcc | 0.0-4 | 27.53 | 28.15 | 55.68 | OK | |
r-devel-linux-x86_64-fedora-clang | 0.0-4 | 98.98 | NOTE | |||
r-devel-linux-x86_64-fedora-gcc | 0.0-4 | 90.96 | NOTE | |||
r-devel-windows-x86_64 | 0.0-4 | 34.00 | 69.00 | 103.00 | OK | |
r-patched-linux-x86_64 | 0.0-4 | 33.49 | 34.61 | 68.10 | OK | |
r-release-linux-x86_64 | 0.0-4 | 29.45 | 34.81 | 64.26 | OK | |
r-release-macos-arm64 | 0.0-4 | 27.00 | OK | |||
r-release-macos-x86_64 | 0.0-4 | 36.00 | OK | |||
r-release-windows-x86_64 | 0.0-4 | 37.00 | 73.00 | 110.00 | OK | |
r-oldrel-macos-arm64 | 0.0-4 | 32.00 | OK | |||
r-oldrel-macos-x86_64 | 0.0-4 | 50.00 | OK | |||
r-oldrel-windows-ix86+x86_64 | 0.0-4 | 94.00 | 71.00 | 165.00 | OK |
Version: 0.0-4
Check: compiled code
Result: NOTE
File ‘hawkes/libs/hawkes.so’:
Found no calls to: ‘R_registerRoutines’, ‘R_useDynamicSymbols’
It is good practice to register native routines and to disable symbol
search.
See ‘Writing portable packages’ in the ‘Writing R Extensions’ manual.
Flavors: r-devel-linux-x86_64-fedora-clang, r-devel-linux-x86_64-fedora-gcc