CRAN Package Check Results for Package hdf5r

Last updated on 2022-01-21 23:48:48 CET.

Flavor Version Tinstall Tcheck Ttotal Status Flags
r-devel-linux-x86_64-debian-clang 1.3.5 50.80 133.29 184.09 OK
r-devel-linux-x86_64-debian-gcc 1.3.5 48.54 100.32 148.86 OK
r-devel-linux-x86_64-fedora-clang 1.3.5 247.84 NOTE
r-devel-linux-x86_64-fedora-gcc 1.3.5 232.06 OK
r-devel-windows-x86_64-new-UL 1.3.5 464.00 194.00 658.00 NOTE
r-devel-windows-x86_64-new-TK 1.3.5 OK
r-patched-linux-x86_64 1.3.5 57.31 127.72 185.03 OK
r-release-linux-x86_64 1.3.5 49.37 123.40 172.77 OK
r-release-macos-arm64 1.3.5 NOTE
r-release-macos-x86_64 1.3.5 NOTE
r-release-windows-ix86+x86_64 1.3.5 93.00 219.00 312.00 NOTE
r-oldrel-macos-x86_64 1.3.5 NOTE
r-oldrel-windows-ix86+x86_64 1.3.5 93.00 227.00 320.00 NOTE

Check Details

Version: 1.3.5
Check: installed package size
Result: NOTE
     installed size is 6.3Mb
     sub-directories of 1Mb or more:
     libs 1.6Mb
Flavors: r-devel-linux-x86_64-fedora-clang, r-devel-windows-x86_64-new-UL, r-release-macos-arm64, r-release-macos-x86_64, r-release-windows-ix86+x86_64, r-oldrel-macos-x86_64, r-oldrel-windows-ix86+x86_64