CRAN Package Check Results for Package hdflex

Last updated on 2024-02-22 11:50:37 CET.

Flavor Version Tinstall Tcheck Ttotal Status Flags
r-devel-linux-x86_64-debian-clang 0.2.0 WARN
r-devel-linux-x86_64-debian-gcc 0.2.0 62.60 46.44 109.04 OK
r-devel-linux-x86_64-fedora-clang 0.2.0 201.90 OK
r-devel-linux-x86_64-fedora-gcc 0.2.0 204.12 OK
r-devel-windows-x86_64 0.2.0 57.00 125.00 182.00 OK
r-patched-linux-x86_64 0.2.0 72.53 60.91 133.44 OK
r-release-linux-x86_64 0.2.0 72.43 61.09 133.52 OK
r-release-macos-arm64 0.2.0 79.00 OK
r-release-macos-x86_64 0.2.0 112.00 OK
r-release-windows-x86_64 0.2.0 73.00 147.00 220.00 OK
r-oldrel-macos-arm64 0.2.0 73.00 OK
r-oldrel-windows-x86_64 0.2.0 69.00 153.00 222.00 OK

Check Details

Version: 0.2.0
Check: whether package can be installed
Result: WARN Found the following significant warnings: stsc.cpp:425:40: warning: using integer absolute value function 'abs' when argument is of floating point type [-Wabsolute-value] stsc.cpp:530:37: warning: using integer absolute value function 'abs' when argument is of floating point type [-Wabsolute-value] See ‘/home/hornik/tmp/R.check/r-devel-clang/Work/PKGS/hdflex.Rcheck/00install.out’ for details. * used C compiler: ‘Debian clang version 17.0.6 (5)’ * used C++ compiler: ‘Debian clang version 17.0.6 (5)’ Flavor: r-devel-linux-x86_64-debian-clang