Last updated on 2023-12-07 07:50:33 CET.
Flavor | Version | Tinstall | Tcheck | Ttotal | Status | Flags |
---|---|---|---|---|---|---|
r-devel-linux-x86_64-debian-clang | 1.0.0 | 18.55 | 159.74 | 178.29 | NOTE | |
r-devel-linux-x86_64-debian-gcc | 1.0.0 | 14.93 | 114.51 | 129.44 | NOTE | |
r-devel-linux-x86_64-fedora-clang | 1.0.0 | 221.39 | OK | |||
r-devel-linux-x86_64-fedora-gcc | 1.0.0 | 202.56 | OK | |||
r-devel-windows-x86_64 | 1.0.0 | 16.00 | 120.00 | 136.00 | OK | |
r-patched-linux-x86_64 | 1.0.0 | 21.98 | 153.37 | 175.35 | OK | |
r-release-linux-x86_64 | 1.0.0 | 11.74 | 150.61 | 162.35 | OK | |
r-release-macos-arm64 | 1.0.0 | 68.00 | OK | |||
r-release-macos-x86_64 | 1.0.0 | 100.00 | OK | |||
r-release-windows-x86_64 | 1.0.0 | 19.00 | 148.00 | 167.00 | OK | |
r-oldrel-macos-arm64 | 1.0.0 | 45.00 | OK | |||
r-oldrel-macos-x86_64 | 1.0.0 | 78.00 | OK | |||
r-oldrel-windows-x86_64 | 1.0.0 | 21.00 | 149.00 | 170.00 | OK |
Version: 1.0.0
Check: Rd files
Result: NOTE
checkRd: (-1) mediate_bslmm.Rd:65-67: Lost braces in \itemize; \value handles \item{}{} directly
checkRd: (-1) mediate_bslmm.Rd:68-69: Lost braces in \itemize; \value handles \item{}{} directly
checkRd: (-1) mediate_hdma.Rd:49-50: Lost braces in \itemize; \value handles \item{}{} directly
checkRd: (-1) mediate_hdma.Rd:51-52: Lost braces in \itemize; \value handles \item{}{} directly
checkRd: (-1) mediate_hdmm.Rd:65-66: Lost braces in \itemize; \value handles \item{}{} directly
checkRd: (-1) mediate_hdmm.Rd:67-68: Lost braces in \itemize; \value handles \item{}{} directly
checkRd: (-1) mediate_hdmm.Rd:69-70: Lost braces in \itemize; \value handles \item{}{} directly
checkRd: (-1) mediate_hima.Rd:46-47: Lost braces in \itemize; \value handles \item{}{} directly
checkRd: (-1) mediate_hima.Rd:48-49: Lost braces in \itemize; \value handles \item{}{} directly
checkRd: (-1) mediate_medfix.Rd:52-53: Lost braces in \itemize; \value handles \item{}{} directly
checkRd: (-1) mediate_medfix.Rd:54-55: Lost braces in \itemize; \value handles \item{}{} directly
checkRd: (-1) mediate_pcma.Rd:53: Lost braces in \itemize; \value handles \item{}{} directly
checkRd: (-1) mediate_pcma.Rd:54: Lost braces in \itemize; \value handles \item{}{} directly
checkRd: (-1) mediate_pcma.Rd:56-57: Lost braces in \itemize; \value handles \item{}{} directly
checkRd: (-1) mediate_pcma.Rd:58-59: Lost braces in \itemize; \value handles \item{}{} directly
checkRd: (-1) mediate_plasso.Rd:58: Lost braces in \itemize; \value handles \item{}{} directly
checkRd: (-1) mediate_plasso.Rd:59: Lost braces in \itemize; \value handles \item{}{} directly
checkRd: (-1) mediate_plasso.Rd:60: Lost braces in \itemize; \value handles \item{}{} directly
checkRd: (-1) mediate_plasso.Rd:61: Lost braces in \itemize; \value handles \item{}{} directly
checkRd: (-1) mediate_plasso.Rd:62: Lost braces in \itemize; \value handles \item{}{} directly
checkRd: (-1) mediate_spcma.Rd:79: Lost braces in \itemize; \value handles \item{}{} directly
checkRd: (-1) mediate_spcma.Rd:80: Lost braces in \itemize; \value handles \item{}{} directly
checkRd: (-1) mediate_spcma.Rd:82-83: Lost braces in \itemize; \value handles \item{}{} directly
checkRd: (-1) mediate_spcma.Rd:84-85: Lost braces in \itemize; \value handles \item{}{} directly
Flavors: r-devel-linux-x86_64-debian-clang, r-devel-linux-x86_64-debian-gcc