Last updated on 2023-03-23 23:51:52 CET.
Flavor | Version | Tinstall | Tcheck | Ttotal | Status | Flags |
---|---|---|---|---|---|---|
r-devel-linux-x86_64-debian-clang | 0.2.0 | 62.71 | 35.75 | 98.46 | NOTE | |
r-devel-linux-x86_64-debian-gcc | 0.2.0 | 44.10 | 29.03 | 73.13 | NOTE | |
r-devel-linux-x86_64-fedora-clang | 0.2.0 | 143.53 | NOTE | |||
r-devel-linux-x86_64-fedora-gcc | 0.2.0 | 128.08 | NOTE | |||
r-patched-linux-x86_64 | 0.2.0 | 48.78 | 37.64 | 86.42 | OK | |
r-release-linux-x86_64 | 0.2.0 | 46.58 | 38.43 | 85.01 | OK | |
r-release-macos-arm64 | 0.2.0 | 39.00 | NOTE | |||
r-release-macos-x86_64 | 0.2.0 | 52.00 | NOTE | |||
r-release-windows-x86_64 | 0.2.0 | 56.00 | 127.00 | 183.00 | OK | |
r-oldrel-macos-arm64 | 0.2.0 | 39.00 | NOTE | |||
r-oldrel-macos-x86_64 | 0.2.0 | 55.00 | NOTE | |||
r-oldrel-windows-ix86+x86_64 | 0.2.0 | 131.00 | 95.00 | 226.00 | OK |
Version: 0.2.0
Check: C++ specification
Result: NOTE
Specified C++14: please drop specification unless essential
Flavors: r-devel-linux-x86_64-debian-clang, r-devel-linux-x86_64-debian-gcc, r-devel-linux-x86_64-fedora-clang, r-devel-linux-x86_64-fedora-gcc
Version: 0.2.0
Check: installed package size
Result: NOTE
installed size is 10.2Mb
sub-directories of 1Mb or more:
libs 10.1Mb
Flavors: r-release-macos-arm64, r-release-macos-x86_64, r-oldrel-macos-arm64, r-oldrel-macos-x86_64