Last updated on 2023-03-21 11:53:50 CET.
Flavor | Version | Tinstall | Tcheck | Ttotal | Status | Flags |
---|---|---|---|---|---|---|
r-devel-linux-x86_64-debian-clang | 2.2.0 | 24.52 | 67.77 | 92.29 | NOTE | |
r-devel-linux-x86_64-debian-gcc | 2.2.0 | 21.86 | 52.71 | 74.57 | NOTE | |
r-devel-linux-x86_64-fedora-clang | 2.2.0 | 139.11 | NOTE | |||
r-devel-linux-x86_64-fedora-gcc | 2.2.0 | 134.11 | NOTE | |||
r-patched-linux-x86_64 | 2.2.0 | 22.31 | 64.84 | 87.15 | NOTE | |
r-release-linux-x86_64 | 2.2.0 | 21.66 | 64.91 | 86.57 | NOTE | |
r-release-macos-arm64 | 2.2.0 | 50.00 | NOTE | |||
r-release-macos-x86_64 | 2.2.0 | 53.00 | NOTE | |||
r-release-windows-x86_64 | 2.2.0 | 71.00 | 130.00 | 201.00 | NOTE | |
r-oldrel-macos-arm64 | 2.2.0 | 50.00 | NOTE | |||
r-oldrel-macos-x86_64 | 2.2.0 | 57.00 | NOTE | |||
r-oldrel-windows-ix86+x86_64 | 2.2.0 | 71.00 | 130.00 | 201.00 | NOTE |
Version: 2.2.0
Check: C++ specification
Result: NOTE
Specified C++11: please drop specification unless essential
Flavors: r-devel-linux-x86_64-debian-clang, r-devel-linux-x86_64-debian-gcc, r-devel-linux-x86_64-fedora-clang, r-devel-linux-x86_64-fedora-gcc
Version: 2.2.0
Check: for GNU extensions in Makefiles
Result: NOTE
GNU make is a SystemRequirements.
Flavors: r-devel-linux-x86_64-debian-clang, r-devel-linux-x86_64-debian-gcc, r-devel-linux-x86_64-fedora-clang, r-devel-linux-x86_64-fedora-gcc, r-patched-linux-x86_64, r-release-linux-x86_64, r-release-macos-arm64, r-release-macos-x86_64, r-release-windows-x86_64, r-oldrel-macos-arm64, r-oldrel-macos-x86_64, r-oldrel-windows-ix86+x86_64
Version: 2.2.0
Check: installed package size
Result: NOTE
installed size is 5.6Mb
sub-directories of 1Mb or more:
R 1.7Mb
doc 1.6Mb
libs 2.2Mb
Flavor: r-oldrel-windows-ix86+x86_64