Last updated on 2023-06-06 21:00:55 CEST.
Flavor | Version | Tinstall | Tcheck | Ttotal | Status | Flags |
---|---|---|---|---|---|---|
r-devel-linux-x86_64-debian-clang | 2.0.0 | 235.60 | 99.05 | 334.65 | NOTE | |
r-devel-linux-x86_64-debian-gcc | 2.0.0 | 196.54 | 73.08 | 269.62 | NOTE | |
r-devel-linux-x86_64-fedora-clang | 2.0.0 | 467.22 | NOTE | |||
r-devel-linux-x86_64-fedora-gcc | 2.0.0 | 475.66 | NOTE | |||
r-devel-windows-x86_64 | 2.0.0 | 180.00 | 121.00 | 301.00 | NOTE | |
r-patched-linux-x86_64 | 2.0.0 | 207.16 | 92.12 | 299.28 | NOTE | |
r-release-linux-x86_64 | 2.0.0 | 215.80 | 93.29 | 309.09 | NOTE | |
r-release-macos-arm64 | 2.0.0 | 115.00 | NOTE | |||
r-release-macos-x86_64 | 2.0.0 | 191.00 | NOTE | |||
r-release-windows-x86_64 | 2.0.0 | 223.00 | 138.00 | 361.00 | NOTE | |
r-oldrel-macos-arm64 | 2.0.0 | 96.00 | NOTE | |||
r-oldrel-macos-x86_64 | 2.0.0 | 130.00 | NOTE | |||
r-oldrel-windows-x86_64 | 2.0.0 | 211.00 | 127.00 | 338.00 | OK |
Version: 2.0.0
Check: C++ specification
Result: NOTE
Specified C++11: please drop specification unless essential
Flavors: r-devel-linux-x86_64-debian-clang, r-devel-linux-x86_64-debian-gcc, r-devel-linux-x86_64-fedora-clang, r-devel-linux-x86_64-fedora-gcc, r-devel-windows-x86_64, r-patched-linux-x86_64, r-release-linux-x86_64, r-release-macos-arm64, r-release-macos-x86_64, r-release-windows-x86_64
Version: 2.0.0
Check: installed package size
Result: NOTE
installed size is 11.6Mb
sub-directories of 1Mb or more:
libs 11.2Mb
Flavors: r-release-macos-arm64, r-release-macos-x86_64, r-oldrel-macos-arm64, r-oldrel-macos-x86_64