CRAN Package Check Results for Package highlightHTML

Last updated on 2024-06-12 20:58:59 CEST.

Flavor Version Tinstall Tcheck Ttotal Status Flags
r-devel-linux-x86_64-debian-clang 0.2.5 2.28 30.91 33.19 OK
r-devel-linux-x86_64-debian-gcc 0.2.5 1.32 20.81 22.13 ERROR
r-devel-linux-x86_64-fedora-clang 0.2.5 43.77 OK
r-devel-linux-x86_64-fedora-gcc 0.2.5 54.16 OK
r-devel-windows-x86_64 0.2.5 4.00 46.00 50.00 OK
r-patched-linux-x86_64 0.2.5 1.97 30.05 32.02 OK
r-release-linux-x86_64 0.2.5 2.54 29.49 32.03 OK
r-release-macos-arm64 0.2.5 21.00 OK
r-release-macos-x86_64 0.2.5 32.00 OK
r-release-windows-x86_64 0.2.5 3.00 50.00 53.00 OK
r-oldrel-macos-arm64 0.2.5 23.00 OK
r-oldrel-macos-x86_64 0.2.5 36.00 OK
r-oldrel-windows-x86_64 0.2.5 3.00 48.00 51.00 OK

Check Details

Version: 0.2.5
Check: package dependencies
Result: NOTE Packages suggested but not available for checking: 'testthat', 'dplyr' Flavor: r-devel-linux-x86_64-debian-gcc

Version: 0.2.5
Check: examples
Result: ERROR Running examples in ‘highlightHTML-Ex.R’ failed The error most likely occurred in: > base::assign(".ptime", proc.time(), pos = "CheckExEnv") > ### Name: table_id_inject > ### Title: Table hash addition for markup > ### Aliases: table_id_inject > > ### ** Examples > > library(dplyr) Error in library(dplyr) : there is no package called ‘dplyr’ Execution halted Flavor: r-devel-linux-x86_64-debian-gcc

Version: 0.2.5
Check: tests
Result: ERROR Running ‘testthat.R’ [0s/0s] Running the tests in ‘tests/testthat.R’ failed. Complete output: > library(testthat) Error in library(testthat) : there is no package called 'testthat' Execution halted Flavor: r-devel-linux-x86_64-debian-gcc

Version: 0.2.5
Check: re-building of vignette outputs
Result: ERROR Error(s) in re-building vignettes: ... --- re-building ‘the_basics.Rmd’ using rmarkdown Quitting from lines 118-132 [symm] (the_basics.Rmd) Error: processing vignette 'the_basics.Rmd' failed with diagnostics: there is no package called 'dplyr' --- failed re-building ‘the_basics.Rmd’ SUMMARY: processing the following file failed: ‘the_basics.Rmd’ Error: Vignette re-building failed. Execution halted Flavor: r-devel-linux-x86_64-debian-gcc