CRAN Package Check Results for Package hint

Last updated on 2024-06-12 20:58:59 CEST.

Flavor Version Tinstall Tcheck Ttotal Status Flags
r-devel-linux-x86_64-debian-clang 0.1-3 5.08 29.85 34.93 OK
r-devel-linux-x86_64-debian-gcc 0.1-3 4.18 21.38 25.56 ERROR
r-devel-linux-x86_64-fedora-clang 0.1-3 45.15 OK
r-devel-linux-x86_64-fedora-gcc 0.1-3 41.28 OK
r-devel-windows-x86_64 0.1-3 8.00 49.00 57.00 OK
r-patched-linux-x86_64 0.1-3 4.93 27.66 32.59 OK
r-release-linux-x86_64 0.1-3 5.04 28.01 33.05 OK
r-release-macos-arm64 0.1-3 17.00 OK
r-release-macos-x86_64 0.1-3 23.00 OK
r-release-windows-x86_64 0.1-3 6.00 57.00 63.00 OK
r-oldrel-macos-arm64 0.1-3 22.00 OK
r-oldrel-macos-x86_64 0.1-3 26.00 OK
r-oldrel-windows-x86_64 0.1-3 7.00 51.00 58.00 OK

Check Details

Version: 0.1-3
Check: package dependencies
Result: NOTE Package suggested but not available for checking: ‘testthat’ Flavor: r-devel-linux-x86_64-debian-gcc

Version: 0.1-3
Check: tests
Result: ERROR Running ‘testthat.R’ [0s/1s] Running the tests in ‘tests/testthat.R’ failed. Complete output: > library(testthat) Error in library(testthat) : there is no package called 'testthat' Execution halted Flavor: r-devel-linux-x86_64-debian-gcc