CRAN Package Check Results for Package hmgm

Last updated on 2021-12-07 23:54:31 CET.

Flavor Version Tinstall Tcheck Ttotal Status Flags
r-devel-linux-x86_64-debian-clang 1.0.3 11.63 112.73 124.36 OK
r-devel-linux-x86_64-debian-gcc 1.0.3 9.80 83.46 93.26 OK
r-devel-linux-x86_64-fedora-clang 1.0.3 148.08 NOTE
r-devel-linux-x86_64-fedora-gcc 1.0.3 136.49 NOTE
r-devel-windows-x86_64-new-UL 1.0.3 20.00 139.00 159.00 OK
r-devel-windows-x86_64-new-TK 1.0.3 NOTE
r-devel-windows-x86_64-old 1.0.3 20.00 124.00 144.00 OK
r-patched-linux-x86_64 1.0.3 10.77 106.33 117.10 OK
r-release-linux-x86_64 1.0.3 12.22 107.30 119.52 OK
r-release-macos-arm64 1.0.3 NOTE
r-release-macos-x86_64 1.0.3 NOTE
r-release-windows-ix86+x86_64 1.0.3 19.00 120.00 139.00 OK
r-oldrel-macos-x86_64 1.0.3 NOTE
r-oldrel-windows-ix86+x86_64 1.0.3 26.00 122.00 148.00 OK

Check Details

Version: 1.0.3
Check: dependencies in R code
Result: NOTE
    Namespaces in Imports field not imported from:
     ‘Rcpp’ ‘methods’ ‘rgl’
     All declared Imports should be used.
Flavors: r-devel-linux-x86_64-fedora-clang, r-devel-linux-x86_64-fedora-gcc, r-devel-windows-x86_64-new-TK, r-release-macos-arm64, r-release-macos-x86_64, r-oldrel-macos-x86_64