CRAN Package Check Results for Package hoardeR

Last updated on 2022-01-20 08:50:00 CET.

Flavor Version Tinstall Tcheck Ttotal Status Flags
r-devel-linux-x86_64-debian-clang 0.9.4-2 OK
r-devel-linux-x86_64-debian-gcc 0.9.4-2 24.22 192.95 217.17 OK
r-devel-linux-x86_64-fedora-clang 0.9.4-2 349.46 NOTE
r-devel-linux-x86_64-fedora-gcc 0.9.4-2 331.55 NOTE
r-devel-windows-x86_64-new-UL 0.9.4-2 65.00 269.00 334.00 OK
r-devel-windows-x86_64-new-TK 0.9.4-2 NOTE
r-patched-linux-x86_64 0.9.4-2 26.18 249.42 275.60 OK
r-release-linux-x86_64 0.9.4-2 23.45 249.26 272.71 OK
r-release-macos-arm64 0.9.4-2 NOTE
r-release-macos-x86_64 0.9.4-2 ERROR
r-release-windows-ix86+x86_64 0.9.4-2 61.00 274.00 335.00 OK
r-oldrel-macos-x86_64 0.9.4-2 ERROR
r-oldrel-windows-ix86+x86_64 0.9.4-2 61.00 280.00 341.00 OK

Check Details

Version: 0.9.4-2
Check: dependencies in R code
Result: NOTE
    Namespaces in Imports field not imported from:
     ‘knitr’ ‘rmarkdown’
     All declared Imports should be used.
Flavors: r-devel-linux-x86_64-fedora-clang, r-devel-linux-x86_64-fedora-gcc, r-devel-windows-x86_64-new-TK, r-release-macos-arm64

Version: 0.9.4-2
Check: package dependencies
Result: ERROR
    Package required but not available: ‘bamsignals’
    
    See section ‘The DESCRIPTION file’ in the ‘Writing R Extensions’
    manual.
Flavors: r-release-macos-x86_64, r-oldrel-macos-x86_64