CRAN Package Check Results for Package horseshoenlm

Last updated on 2024-07-24 20:52:23 CEST.

Flavor Version Tinstall Tcheck Ttotal Status Flags
r-devel-linux-x86_64-debian-clang 0.0.6 3.09 48.66 51.75 NOTE
r-devel-linux-x86_64-debian-gcc 0.0.6 2.62 41.18 43.80 NOTE
r-devel-linux-x86_64-fedora-clang 0.0.6 63.68 NOTE
r-devel-linux-x86_64-fedora-gcc 0.0.6 67.53 NOTE
r-devel-windows-x86_64 0.0.6 4.00 60.00 64.00 NOTE
r-patched-linux-x86_64 0.0.6 2.78 50.73 53.51 NOTE
r-release-linux-x86_64 0.0.6 2.41 52.90 55.31 NOTE
r-release-macos-arm64 0.0.6 24.00 NOTE
r-release-macos-x86_64 0.0.6 37.00 NOTE
r-release-windows-x86_64 0.0.6 3.00 67.00 70.00 NOTE
r-oldrel-macos-arm64 0.0.6 28.00 NOTE
r-oldrel-macos-x86_64 0.0.6 42.00 NOTE
r-oldrel-windows-x86_64 0.0.6 4.00 67.00 71.00 NOTE

Check Details

Version: 0.0.6
Check: LazyData
Result: NOTE 'LazyData' is specified without a 'data' directory Flavors: r-devel-linux-x86_64-debian-clang, r-devel-linux-x86_64-debian-gcc, r-devel-linux-x86_64-fedora-clang, r-devel-linux-x86_64-fedora-gcc, r-devel-windows-x86_64, r-patched-linux-x86_64, r-release-linux-x86_64, r-release-macos-arm64, r-release-macos-x86_64, r-release-windows-x86_64, r-oldrel-macos-arm64, r-oldrel-macos-x86_64, r-oldrel-windows-x86_64

Version: 0.0.6
Check: dependencies in R code
Result: NOTE Namespace in Imports field not imported from: ‘survival’ All declared Imports should be used. Flavors: r-devel-linux-x86_64-fedora-clang, r-devel-linux-x86_64-fedora-gcc