CRAN Package Check Results for Package hpa

Last updated on 2021-12-07 23:54:31 CET.

Flavor Version Tinstall Tcheck Ttotal Status Flags
r-devel-linux-x86_64-debian-clang 1.2.1 199.64 43.13 242.77 OK
r-devel-linux-x86_64-debian-gcc 1.2.1 156.97 33.54 190.51 OK
r-devel-linux-x86_64-fedora-clang 1.2.1 381.10 NOTE
r-devel-linux-x86_64-fedora-gcc 1.2.1 347.70 OK
r-devel-windows-x86_64-new-UL 1.2.1 255.00 105.00 360.00 OK
r-devel-windows-x86_64-new-TK 1.2.1 OK
r-devel-windows-x86_64-old 1.2.1 262.00 69.00 331.00 OK
r-patched-linux-x86_64 1.2.1 185.21 41.73 226.94 OK
r-release-linux-x86_64 1.2.1 187.09 41.40 228.49 OK
r-release-macos-arm64 1.2.1 NOTE
r-release-macos-x86_64 1.2.1 NOTE
r-release-windows-ix86+x86_64 1.2.1 347.00 84.00 431.00 OK
r-oldrel-macos-x86_64 1.2.1 NOTE
r-oldrel-windows-ix86+x86_64 1.2.1 495.00 91.00 586.00 OK

Check Details

Version: 1.2.1
Check: installed package size
Result: NOTE
     installed size is 14.0Mb
     sub-directories of 1Mb or more:
     libs 13.7Mb
Flavors: r-devel-linux-x86_64-fedora-clang, r-release-macos-arm64, r-release-macos-x86_64, r-oldrel-macos-x86_64