Last updated on 2023-03-27 20:52:16 CEST.
Flavor | Version | Tinstall | Tcheck | Ttotal | Status | Flags |
---|---|---|---|---|---|---|
r-devel-linux-x86_64-debian-clang | 2.0.2 | 78.68 | 57.30 | 135.98 | OK | |
r-devel-linux-x86_64-debian-gcc | 2.0.2 | 54.25 | 44.35 | 98.60 | OK | |
r-devel-linux-x86_64-fedora-clang | 2.0.2 | 205.56 | NOTE | |||
r-devel-linux-x86_64-fedora-gcc | 2.0.2 | 181.98 | NOTE | |||
r-patched-linux-x86_64 | 2.0.2 | 59.31 | 56.48 | 115.79 | OK | |
r-release-linux-x86_64 | 2.0.2 | 51.28 | 56.76 | 108.04 | OK | |
r-release-macos-arm64 | 2.0.2 | 49.00 | OK | |||
r-release-macos-x86_64 | 2.0.2 | 63.00 | OK | |||
r-release-windows-x86_64 | 2.0.2 | 80.00 | 128.00 | 208.00 | OK | |
r-oldrel-macos-arm64 | 2.0.2 | 64.00 | OK | |||
r-oldrel-macos-x86_64 | 2.0.2 | 91.00 | OK | |||
r-oldrel-windows-ix86+x86_64 | 2.0.2 | 176.00 | 163.00 | 339.00 | OK |
Version: 2.0.2
Check: compiled code
Result: NOTE
File ‘hsphase/libs/hsphase.so’:
Found no calls to: ‘R_registerRoutines’, ‘R_useDynamicSymbols’
It is good practice to register native routines and to disable symbol
search.
See ‘Writing portable packages’ in the ‘Writing R Extensions’ manual.
Flavors: r-devel-linux-x86_64-fedora-clang, r-devel-linux-x86_64-fedora-gcc