Last updated on 2023-03-30 20:49:13 CEST.
Flavor | Version | Tinstall | Tcheck | Ttotal | Status | Flags |
---|---|---|---|---|---|---|
r-devel-linux-x86_64-debian-clang | 0.5.1 | 27.63 | 167.02 | 194.65 | OK | |
r-devel-linux-x86_64-debian-gcc | 0.5.1 | 23.39 | 120.81 | 144.20 | OK | |
r-devel-linux-x86_64-fedora-clang | 0.5.1 | 255.28 | OK | |||
r-devel-linux-x86_64-fedora-gcc | 0.5.1 | 246.48 | OK | |||
r-devel-windows-x86_64 | 0.5.1 | 47.00 | 0.00 | 47.00 | OK | |
r-patched-linux-x86_64 | 0.5.1 | 26.71 | 152.29 | 179.00 | OK | |
r-release-linux-x86_64 | 0.5.1 | 23.32 | 154.25 | 177.57 | OK | |
r-release-macos-arm64 | 0.5.1 | 69.00 | OK | |||
r-release-macos-x86_64 | 0.5.1 | 100.00 | OK | |||
r-release-windows-x86_64 | 0.5.1 | 42.00 | 215.00 | 257.00 | OK | |
r-oldrel-macos-arm64 | 0.5.1 | 66.00 | OK | |||
r-oldrel-macos-x86_64 | 0.5.1 | 96.00 | OK | |||
r-oldrel-windows-ix86+x86_64 | 0.5.1 | 69.00 | 262.00 | 331.00 | NOTE |
Version: 0.5.1
Check: R code for possible problems
Result: NOTE
Initiating curl with CURL_SSL_BACKEND: openssl
Flavor: r-oldrel-windows-ix86+x86_64