CRAN Package Check Results for Package htdp

Last updated on 2023-03-27 20:52:16 CEST.

Flavor Version Tinstall Tcheck Ttotal Status Flags
r-devel-linux-x86_64-debian-clang 0.1.4 42.98 28.07 71.05 NOTE
r-devel-linux-x86_64-debian-gcc 0.1.4 34.92 21.77 56.69 NOTE
r-devel-linux-x86_64-fedora-clang 0.1.4 108.21 NOTE
r-devel-linux-x86_64-fedora-gcc 0.1.4 96.67 NOTE
r-patched-linux-x86_64 0.1.4 33.38 27.08 60.46 NOTE
r-release-linux-x86_64 0.1.4 34.55 27.86 62.41 NOTE
r-release-macos-arm64 0.1.4 44.00 NOTE
r-release-macos-x86_64 0.1.4 41.00 NOTE
r-release-windows-x86_64 0.1.4 53.00 78.00 131.00 NOTE
r-oldrel-macos-arm64 0.1.4 45.00 NOTE
r-oldrel-macos-x86_64 0.1.4 75.00 NOTE
r-oldrel-windows-ix86+x86_64 0.1.4 97.00 78.00 175.00 NOTE

Check Details

Version: 0.1.4
Check: LazyData
Result: NOTE
     'LazyData' is specified without a 'data' directory
Flavors: r-devel-linux-x86_64-debian-clang, r-devel-linux-x86_64-debian-gcc, r-devel-linux-x86_64-fedora-clang, r-devel-linux-x86_64-fedora-gcc, r-patched-linux-x86_64, r-release-linux-x86_64, r-release-macos-arm64, r-release-macos-x86_64, r-release-windows-x86_64, r-oldrel-macos-arm64, r-oldrel-macos-x86_64, r-oldrel-windows-ix86+x86_64

Version: 0.1.4
Check: compiled code
Result: NOTE
    File ‘htdp/libs/htdp.so’:
     Found no calls to: ‘R_registerRoutines’, ‘R_useDynamicSymbols’
    
    It is good practice to register native routines and to disable symbol
    search.
    
    See ‘Writing portable packages’ in the ‘Writing R Extensions’ manual.
Flavors: r-devel-linux-x86_64-fedora-clang, r-devel-linux-x86_64-fedora-gcc

Version: 0.1.4
Check: installed package size
Result: NOTE
     installed size is 6.1Mb
     sub-directories of 1Mb or more:
     libs 6.0Mb
Flavor: r-oldrel-windows-ix86+x86_64