CRAN Package Check Results for Package html5

Last updated on 2022-01-26 23:50:21 CET.

Flavor Version Tinstall Tcheck Ttotal Status Flags
r-devel-linux-x86_64-debian-clang 0.1.0 5.01 57.89 62.90 NOTE
r-devel-linux-x86_64-debian-gcc 0.1.0 4.85 43.80 48.65 NOTE
r-devel-linux-x86_64-fedora-clang 0.1.0 79.31 NOTE
r-devel-linux-x86_64-fedora-gcc 0.1.0 68.29 NOTE
r-devel-windows-x86_64-new-UL 0.1.0 70.00 96.00 166.00 NOTE
r-devel-windows-x86_64-new-TK 0.1.0 NOTE
r-patched-linux-x86_64 0.1.0 8.75 54.39 63.14 NOTE
r-release-linux-x86_64 0.1.0 6.27 54.49 60.76 NOTE
r-release-macos-arm64 0.1.0 NOTE
r-release-macos-x86_64 0.1.0 NOTE
r-release-windows-ix86+x86_64 0.1.0 11.00 51.00 62.00 NOTE
r-oldrel-macos-x86_64 0.1.0 OK
r-oldrel-windows-ix86+x86_64 0.1.0 8.00 57.00 65.00 OK

Check Details

Version: 0.1.0
Check: LazyData
Result: NOTE
     'LazyData' is specified without a 'data' directory
Flavors: r-devel-linux-x86_64-debian-clang, r-devel-linux-x86_64-debian-gcc, r-devel-linux-x86_64-fedora-clang, r-devel-linux-x86_64-fedora-gcc, r-devel-windows-x86_64-new-UL, r-devel-windows-x86_64-new-TK, r-patched-linux-x86_64, r-release-linux-x86_64, r-release-macos-arm64, r-release-macos-x86_64, r-release-windows-ix86+x86_64