Last updated on 2023-09-21 16:57:52 CEST.
Flavor | Version | Tinstall | Tcheck | Ttotal | Status | Flags |
---|---|---|---|---|---|---|
r-devel-linux-x86_64-debian-clang | 1.3.1 | 199.59 | 52.74 | 252.33 | OK | |
r-devel-linux-x86_64-debian-gcc | 1.3.1 | 172.11 | 40.35 | 212.46 | OK | |
r-devel-linux-x86_64-fedora-clang | 1.3.1 | 387.80 | OK | |||
r-devel-linux-x86_64-fedora-gcc | 1.3.1 | 443.07 | OK | |||
r-devel-windows-x86_64 | 1.3.1 | 181.00 | 136.00 | 317.00 | NOTE | |
r-patched-linux-x86_64 | 1.3.1 | 224.32 | 51.58 | 275.90 | OK | |
r-release-linux-x86_64 | 1.3.1 | 233.58 | 51.40 | 284.98 | OK | |
r-release-macos-arm64 | 1.3.1 | 124.00 | NOTE | |||
r-release-macos-x86_64 | 1.3.1 | 189.00 | NOTE | |||
r-release-windows-x86_64 | 1.3.1 | 229.00 | 158.00 | 387.00 | NOTE | |
r-oldrel-macos-arm64 | 1.3.1 | 112.00 | NOTE | |||
r-oldrel-macos-x86_64 | 1.3.1 | 129.00 | NOTE | |||
r-oldrel-windows-x86_64 | 1.3.1 | 216.00 | 134.00 | 350.00 | NOTE |
Version: 1.3.1
Check: installed package size
Result: NOTE
installed size is 8.3Mb
sub-directories of 1Mb or more:
libs 7.6Mb
Flavors: r-devel-windows-x86_64, r-release-macos-arm64, r-release-macos-x86_64, r-release-windows-x86_64, r-oldrel-macos-arm64, r-oldrel-macos-x86_64, r-oldrel-windows-x86_64