CRAN Package Check Results for Package humanize

Last updated on 2024-06-12 20:58:59 CEST.

Flavor Version Tinstall Tcheck Ttotal Status Flags
r-devel-linux-x86_64-debian-clang 0.2.0 3.46 36.24 39.70 NOTE
r-devel-linux-x86_64-debian-gcc 0.2.0 0.35 1.69 2.04 ERROR
r-devel-linux-x86_64-fedora-clang 0.2.0 49.59 NOTE
r-devel-linux-x86_64-fedora-gcc 0.2.0 59.47 NOTE
r-devel-windows-x86_64 0.2.0 4.00 47.00 51.00 NOTE
r-patched-linux-x86_64 0.2.0 2.91 34.42 37.33 NOTE
r-release-linux-x86_64 0.2.0 3.18 34.83 38.01 NOTE
r-release-macos-arm64 0.2.0 28.00 NOTE
r-release-macos-x86_64 0.2.0 34.00 NOTE
r-release-windows-x86_64 0.2.0 3.00 54.00 57.00 NOTE
r-oldrel-macos-arm64 0.2.0 25.00 NOTE
r-oldrel-macos-x86_64 0.2.0 35.00 NOTE
r-oldrel-windows-x86_64 0.2.0 4.00 53.00 57.00 NOTE

Check Details

Version: 0.2.0
Check: LazyData
Result: NOTE 'LazyData' is specified without a 'data' directory Flavors: r-devel-linux-x86_64-debian-clang, r-devel-linux-x86_64-fedora-clang, r-devel-linux-x86_64-fedora-gcc, r-devel-windows-x86_64, r-patched-linux-x86_64, r-release-linux-x86_64, r-release-macos-arm64, r-release-macos-x86_64, r-release-windows-x86_64, r-oldrel-macos-arm64, r-oldrel-macos-x86_64, r-oldrel-windows-x86_64

Version: 0.2.0
Check: package dependencies
Result: ERROR Package required but not available: ‘lubridate’ Packages suggested but not available for checking: 'testthat', 'purrr' See section ‘The DESCRIPTION file’ in the ‘Writing R Extensions’ manual. Flavor: r-devel-linux-x86_64-debian-gcc