CRAN Package Check Results for Package hunspell

Last updated on 2022-01-25 04:00:05 CET.

Flavor Version Tinstall Tcheck Ttotal Status Flags
r-devel-linux-x86_64-debian-clang 3.0.1 64.68 51.54 116.22 OK
r-devel-linux-x86_64-debian-gcc 3.0.1 44.75 47.85 92.60 OK
r-devel-linux-x86_64-fedora-clang 3.0.1 179.02 NOTE
r-devel-linux-x86_64-fedora-gcc 3.0.1 153.12 OK
r-devel-windows-x86_64-new-UL 3.0.1 101.00 123.00 224.00 OK
r-devel-windows-x86_64-new-TK 3.0.1 OK
r-patched-linux-x86_64 3.0.1 59.46 57.73 117.19 OK
r-release-linux-x86_64 3.0.1 53.19 57.11 110.30 OK
r-release-macos-arm64 3.0.1 NOTE
r-release-macos-x86_64 3.0.1 NOTE
r-release-windows-ix86+x86_64 3.0.1 150.00 131.00 281.00 NOTE
r-oldrel-macos-x86_64 3.0.1 NOTE
r-oldrel-windows-ix86+x86_64 3.0.1 150.00 136.00 286.00 NOTE

Check Details

Version: 3.0.1
Check: installed package size
Result: NOTE
     installed size is 7.3Mb
     sub-directories of 1Mb or more:
     dict 1.5Mb
     doc 1.2Mb
     libs 4.5Mb
Flavors: r-devel-linux-x86_64-fedora-clang, r-release-macos-arm64, r-release-macos-x86_64, r-release-windows-ix86+x86_64, r-oldrel-macos-x86_64, r-oldrel-windows-ix86+x86_64