CRAN Package Check Results for Package hwsdr

Last updated on 2022-01-22 11:51:01 CET.

Flavor Version Tinstall Tcheck Ttotal Status Flags
r-devel-linux-x86_64-debian-clang 1.0 1.68 53.78 55.46 OK
r-devel-linux-x86_64-debian-gcc 1.0 1.75 41.43 43.18 OK
r-devel-linux-x86_64-fedora-clang 1.0 68.81 NOTE
r-devel-linux-x86_64-fedora-gcc 1.0 57.29 NOTE
r-devel-windows-x86_64-new-UL 1.0 15.00 76.00 91.00 OK
r-devel-windows-x86_64-new-TK 1.0 NOTE
r-patched-linux-x86_64 1.0 2.12 51.89 54.01 OK
r-release-linux-x86_64 1.0 1.97 52.40 54.37 OK
r-release-macos-arm64 1.0 NOTE
r-release-macos-x86_64 1.0 NOTE
r-release-windows-ix86+x86_64 1.0 7.00 67.00 74.00 OK
r-oldrel-macos-x86_64 1.0 NOTE
r-oldrel-windows-ix86+x86_64 1.0 6.00 66.00 72.00 OK

Check Details

Version: 1.0
Check: data for non-ASCII characters
Result: NOTE
     Note: found 1 marked UTF-8 string
Flavors: r-devel-linux-x86_64-fedora-clang, r-devel-linux-x86_64-fedora-gcc, r-devel-windows-x86_64-new-TK, r-release-macos-arm64, r-release-macos-x86_64, r-oldrel-macos-x86_64