CRAN Package Check Results for Package hysteresis

Last updated on 2022-01-18 07:52:27 CET.

Flavor Version Tinstall Tcheck Ttotal Status Flags
r-devel-linux-x86_64-debian-clang 2.7 16.61 151.89 168.50 OK
r-devel-linux-x86_64-debian-gcc 2.7 13.84 115.63 129.47 OK
r-devel-linux-x86_64-fedora-clang 2.7 204.10 OK
r-devel-linux-x86_64-fedora-gcc 2.7 190.24 OK
r-devel-windows-x86_64-new-UL 2.7 171.00 172.00 343.00 OK
r-devel-windows-x86_64-new-TK 2.7 ERROR
r-patched-linux-x86_64 2.7 16.39 151.02 167.41 OK
r-release-linux-x86_64 2.7 OK
r-release-macos-arm64 2.7 OK
r-release-macos-x86_64 2.7 OK
r-release-windows-ix86+x86_64 2.7 31.00 168.00 199.00 OK
r-oldrel-macos-x86_64 2.7 OK
r-oldrel-windows-ix86+x86_64 2.7 31.00 172.00 203.00 OK

Check Details

Version: 2.7
Check: package dependencies
Result: ERROR
    Package required but not available: 'car'
    
    See section 'The DESCRIPTION file' in the 'Writing R Extensions'
    manual.
Flavor: r-devel-windows-x86_64-new-TK