CRAN Package Check Results for Package i18n

Last updated on 2024-02-29 00:55:42 CET.

Flavor Version Tinstall Tcheck Ttotal Status Flags
r-devel-linux-x86_64-debian-clang 0.2.0 36.34 93.70 130.04 OK
r-devel-linux-x86_64-debian-gcc 0.2.0 32.70 69.45 102.15 OK
r-devel-linux-x86_64-fedora-clang 0.2.0 166.57 NOTE
r-devel-linux-x86_64-fedora-gcc 0.2.0 168.00 NOTE
r-devel-windows-x86_64 0.2.0 34.00 83.00 117.00 OK
r-patched-linux-x86_64 0.2.0 37.99 89.45 127.44 OK
r-release-linux-x86_64 0.2.0 37.04 89.21 126.25 OK
r-release-macos-arm64 0.2.0 57.00 OK
r-release-macos-x86_64 0.2.0 94.00 OK
r-release-windows-x86_64 0.2.0 33.00 96.00 129.00 OK
r-oldrel-macos-arm64 0.2.0 66.00 OK
r-oldrel-windows-x86_64 0.2.0 48.00 107.00 155.00 OK

Check Details

Version: 0.2.0
Check: data for non-ASCII characters
Result: NOTE Note: found 1058038 marked UTF-8 strings Flavors: r-devel-linux-x86_64-fedora-clang, r-devel-linux-x86_64-fedora-gcc