Last updated on 2025-06-18 16:49:22 CEST.
Flavor | Version | Tinstall | Tcheck | Ttotal | Status | Flags |
---|---|---|---|---|---|---|
r-devel-linux-x86_64-debian-clang | 1.6.7 | 34.65 | 159.22 | 193.87 | NOTE | |
r-devel-linux-x86_64-debian-gcc | 1.6.7 | 23.22 | 111.48 | 134.70 | NOTE | |
r-devel-linux-x86_64-fedora-clang | 1.6.7 | 304.54 | OK | |||
r-devel-linux-x86_64-fedora-gcc | 1.6.7 | 310.05 | OK | |||
r-devel-windows-x86_64 | 1.6.7 | 39.00 | 166.00 | 205.00 | NOTE | |
r-patched-linux-x86_64 | 1.6.7 | 30.66 | 150.11 | 180.77 | NOTE | |
r-release-linux-x86_64 | 1.6.7 | 29.24 | 153.04 | 182.28 | NOTE | |
r-release-macos-arm64 | 1.6.7 | 90.00 | OK | |||
r-release-macos-x86_64 | 1.6.7 | 143.00 | OK | |||
r-release-windows-x86_64 | 1.6.7 | 37.00 | 161.00 | 198.00 | NOTE | |
r-oldrel-macos-arm64 | 1.6.7 | 75.00 | OK | |||
r-oldrel-macos-x86_64 | 1.6.7 | 114.00 | OK | |||
r-oldrel-windows-x86_64 | 1.6.7 | 49.00 | 220.00 | 269.00 | OK |
Version: 1.6.7
Check: Rd cross-references
Result: NOTE
Found the following Rd file(s) with Rd \link{} targets missing package
anchors:
run.umap.Rd: umap_transform
Please provide package anchors for all Rd \link{} targets not in the
package itself and the base packages.
Flavors: r-devel-linux-x86_64-debian-clang, r-devel-linux-x86_64-debian-gcc, r-devel-windows-x86_64, r-patched-linux-x86_64, r-release-linux-x86_64, r-release-windows-x86_64