CRAN Package Check Results for Package iNZightRegression

Last updated on 2021-10-17 12:52:46 CEST.

Flavor Version Tinstall Tcheck Ttotal Status Flags
r-devel-linux-x86_64-debian-clang 1.3.1 15.31 149.03 164.34 OK
r-devel-linux-x86_64-debian-gcc 1.3.1 12.20 111.93 124.13 OK
r-devel-linux-x86_64-fedora-clang 1.3.1 205.92 OK
r-devel-linux-x86_64-fedora-gcc 1.3.1 202.34 OK
r-devel-windows-x86_64 1.3.1 26.00 169.00 195.00 ERROR
r-devel-windows-x86_64-gcc10-UCRT 1.3.1 ERROR
r-patched-linux-x86_64 1.3.1 16.02 141.96 157.98 OK
r-patched-solaris-x86 1.3.1 275.60 OK
r-release-linux-x86_64 1.3.1 15.43 141.40 156.83 OK
r-release-macos-arm64 1.3.1 OK
r-release-macos-x86_64 1.3.1 OK
r-release-windows-ix86+x86_64 1.3.1 39.00 158.00 197.00 ERROR
r-oldrel-macos-x86_64 1.3.1 OK
r-oldrel-windows-ix86+x86_64 1.3.1 39.00 174.00 213.00 ERROR

Check Details

Version: 1.3.1
Check: tests
Result: ERROR
     Running 'testthat.R' [11s]
    Running the tests in 'tests/testthat.R' failed.
    Complete output:
     > library(testthat)
     > library(iNZightRegression)
     >
     > test_check("iNZightRegression")
Flavors: r-devel-windows-x86_64, r-release-windows-ix86+x86_64

Version: 1.3.1
Check: tests
Result: ERROR
     Running 'testthat.R'
    Running the tests in 'tests/testthat.R' failed.
    Complete output:
     > library(testthat)
     > library(iNZightRegression)
     >
     > test_check("iNZightRegression")
Flavor: r-devel-windows-x86_64-gcc10-UCRT

Version: 1.3.1
Check: tests
Result: ERROR
     Running 'testthat.R' [16s]
    Running the tests in 'tests/testthat.R' failed.
    Complete output:
     > library(testthat)
     > library(iNZightRegression)
     >
     > test_check("iNZightRegression")
Flavor: r-oldrel-windows-ix86+x86_64