CRAN Package Check Results for Package iSDM

Last updated on 2021-11-30 23:51:41 CET.

Flavor Version Tinstall Tcheck Ttotal Status Flags
r-devel-linux-x86_64-debian-clang 1.0 2.60 31.27 33.87 OK
r-devel-linux-x86_64-debian-gcc 1.0 2.36 26.65 29.01 OK
r-devel-linux-x86_64-fedora-clang 1.0 52.76 NOTE
r-devel-linux-x86_64-fedora-gcc 1.0 41.31 NOTE
r-devel-windows-x86_64-new-UL 1.0 7.00 67.00 74.00 OK
r-devel-windows-x86_64-new-TK 1.0 NOTE
r-devel-windows-x86_64-old 1.0 5.00 40.00 45.00 OK
r-patched-linux-x86_64 1.0 2.63 30.90 33.53 OK
r-patched-solaris-x86 1.0 61.50 NOTE
r-release-linux-x86_64 1.0 2.62 31.01 33.63 OK
r-release-macos-arm64 1.0 NOTE
r-release-macos-x86_64 1.0 NOTE
r-release-windows-ix86+x86_64 1.0 6.00 61.00 67.00 OK
r-oldrel-macos-x86_64 1.0 NOTE
r-oldrel-windows-ix86+x86_64 1.0 5.00 37.00 42.00 OK

Check Details

Version: 1.0
Check: dependencies in R code
Result: NOTE
    Namespaces in Imports field not imported from:
     ‘colorRamps’ ‘virtualspecies’
     All declared Imports should be used.
Flavors: r-devel-linux-x86_64-fedora-clang, r-devel-linux-x86_64-fedora-gcc, r-devel-windows-x86_64-new-TK, r-patched-solaris-x86, r-release-macos-arm64, r-release-macos-x86_64, r-oldrel-macos-x86_64