CRAN Package Check Results for Package ibawds

Last updated on 2022-01-23 12:05:13 CET.

Flavor Version Tinstall Tcheck Ttotal Status Flags
r-devel-linux-x86_64-debian-clang 0.3.2 4.85 68.72 73.57 OK
r-devel-linux-x86_64-debian-gcc 0.3.2 5.00 57.48 62.48 OK
r-devel-linux-x86_64-fedora-clang 0.3.2 87.19 NOTE
r-devel-linux-x86_64-fedora-gcc 0.3.2 79.70 NOTE
r-devel-windows-x86_64-new-UL 0.3.2 38.00 92.00 130.00 OK
r-devel-windows-x86_64-new-TK 0.3.2 NOTE
r-patched-linux-x86_64 0.3.2 10.51 62.48 72.99 OK
r-release-linux-x86_64 0.3.2 4.14 63.31 67.45 OK
r-release-macos-arm64 0.3.2 NOTE
r-release-macos-x86_64 0.3.2 NOTE
r-release-windows-ix86+x86_64 0.3.2 15.00 81.00 96.00 OK
r-oldrel-macos-x86_64 0.2.0 NOTE
r-oldrel-windows-ix86+x86_64 0.3.2 15.00 86.00 101.00 OK

Check Details

Version: 0.3.2
Check: data for non-ASCII characters
Result: NOTE
     Note: found 1 marked UTF-8 string
Flavors: r-devel-linux-x86_64-fedora-clang, r-devel-linux-x86_64-fedora-gcc, r-devel-windows-x86_64-new-TK, r-release-macos-arm64, r-release-macos-x86_64

Version: 0.2.0
Check: data for non-ASCII characters
Result: NOTE
     Note: found 1 marked UTF-8 string
Flavor: r-oldrel-macos-x86_64