Last updated on 2023-10-02 13:02:54 CEST.
Flavor | Version | Tinstall | Tcheck | Ttotal | Status | Flags |
---|---|---|---|---|---|---|
r-devel-linux-x86_64-debian-clang | 1.1-6 | 7.24 | 98.93 | 106.17 | NOTE | |
r-devel-linux-x86_64-debian-gcc | 1.1-6 | 5.34 | 74.64 | 79.98 | NOTE | |
r-devel-linux-x86_64-fedora-clang | 1.1-6 | 128.17 | NOTE | |||
r-devel-linux-x86_64-fedora-gcc | 1.1-6 | 140.05 | NOTE | |||
r-devel-windows-x86_64 | 1.1-6 | 8.00 | 115.00 | 123.00 | NOTE | |
r-patched-linux-x86_64 | 1.1-6 | 6.08 | 97.43 | 103.51 | NOTE | |
r-release-linux-x86_64 | 1.1-6 | 7.72 | 97.05 | 104.77 | NOTE | |
r-release-macos-arm64 | 1.1-6 | 52.00 | NOTE | |||
r-release-macos-x86_64 | 1.1-6 | 87.00 | NOTE | |||
r-release-windows-x86_64 | 1.1-6 | 8.00 | 129.00 | 137.00 | NOTE | |
r-oldrel-macos-arm64 | 1.1-6 | 48.00 | NOTE | |||
r-oldrel-macos-x86_64 | 1.1-6 | 58.00 | NOTE | |||
r-oldrel-windows-x86_64 | 1.1-6 | 9.00 | 146.00 | 155.00 | NOTE |
Version: 1.1-6
Check: Rd \usage sections
Result: NOTE
S3 methods shown with full name in documentation object 'orlm':
‘orlm.forboot.fixed’ ‘orlm.forboot’
The \usage entries for S3 methods should use the \method markup and not
their full name.
See chapter ‘Writing R documentation files’ in the ‘Writing R
Extensions’ manual.
Flavors: r-devel-linux-x86_64-debian-clang, r-devel-linux-x86_64-debian-gcc, r-devel-linux-x86_64-fedora-clang, r-devel-linux-x86_64-fedora-gcc, r-devel-windows-x86_64, r-patched-linux-x86_64, r-release-linux-x86_64, r-release-macos-arm64, r-release-macos-x86_64, r-release-windows-x86_64
Version: 1.1-6
Check: LazyData
Result: NOTE
'LazyData' is specified without a 'data' directory
Flavors: r-devel-linux-x86_64-debian-clang, r-devel-linux-x86_64-debian-gcc, r-devel-linux-x86_64-fedora-clang, r-devel-linux-x86_64-fedora-gcc, r-devel-windows-x86_64, r-patched-linux-x86_64, r-release-linux-x86_64, r-release-macos-arm64, r-release-macos-x86_64, r-release-windows-x86_64, r-oldrel-macos-arm64, r-oldrel-macos-x86_64, r-oldrel-windows-x86_64